{"id":8134,"date":"2026-02-17T05:09:19","date_gmt":"2026-02-17T05:09:19","guid":{"rendered":"https:\/\/trailo.ee\/product\/approach-awning-s-m\/"},"modified":"2026-04-07T09:55:53","modified_gmt":"2026-04-07T09:55:53","slug":"approach-awning-s-m","status":"publish","type":"product","link":"https:\/\/trailo.ee\/et\/toode\/approach-awning-s-m\/","title":{"rendered":"Varikatus S\/M"},"content":{"rendered":"<p>Thule Approach-varikatus aitab v\u00e4ltida ettearvamatute vihmahoogude muret ja pakub kuumadel p\u00e4evadel vajalikku varju. See laiendab ka teie laagriplatsi, et luua rohkem sotsiaalset ruumi.<\/p>\n<div class=\"techSpecs__Item\">\n<p class=\"heading6\">\u00dchilduvus: Thule Approach S, Thule Approach M<\/p>\n<\/div>\n<div class=\"techSpecs__Item\">\n<p class=\"heading6\">Pikkus: 4 m<\/p>\n<\/div>\n<div class=\"techSpecs__Item\">\n<p class=\"heading6\">Projektsioon: 2,10 m<\/p>\n<\/div>\n<div class=\"techSpecs__Item\">\n<p class=\"heading6\">Jala maksimaalne k\u00f5rgus: 2,45 m<\/p>\n<div class=\"d-flex feature-wrapper mb-lg-8\">\n<ul>\n<li class=\"mb-8 feature-text-content\"><span class=\"paragraph\" data-original=\"Designed to work seamlessly with Thule Approach S and Thule Approach M rooftop tent\" data-withplaceholders=\"\">Loodud sujuvalt \u00fchilduma Thule Approach S ja Thule Approach M katusetelkidega<\/span><\/li>\n<\/ul>\n<\/div>\n<div class=\"d-flex feature-wrapper mb-lg-8\">\n<ul>\n<li class=\"mb-8 feature-text-content\"><span class=\"paragraph\" data-original=\"Move freely in and out of the tent with the awning attached\" data-withplaceholders=\"\">Liikuge varikatusega vabalt telgi sisse ja v\u00e4lja<\/span><\/li>\n<\/ul>\n<\/div>\n<div class=\"d-flex feature-wrapper mb-lg-8\">\n<ul>\n<li class=\"mb-8 feature-text-content\"><span class=\"paragraph\" data-original=\"Sturdy, height adjustable aluminum poles\" data-withplaceholders=\"\">Tugevad, k\u00f5rgusega reguleeritavad alumiiniumist postid<\/span><\/li>\n<\/ul>\n<\/div>\n<div class=\"d-flex feature-wrapper mb-lg-8\">\n<ul>\n<li class=\"mb-8 feature-text-content\"><span class=\"paragraph\" data-original=\"Made with water resistant and lightweight polyester that provides shelter from sun and rain\" data-withplaceholders=\"\">Valmistatud veekindlast ja kergest pol\u00fcestrist, mis pakub kaitset p\u00e4ikese ja vihma eest<\/span><\/li>\n<\/ul>\n<\/div>\n<div class=\"d-flex feature-wrapper mb-lg-8\">\n<ul>\n<li class=\"mb-8 feature-text-content\"><span class=\"paragraph\" data-original=\"Easy to install\u2013simply zip to the tent and setup the poles and tie down lines\" data-withplaceholders=\"\">Lihtne paigaldada \u2013 lihtsalt lukuga telgi k\u00fclge kinnitada ja postid ning kinnitusn\u00f6\u00f6rid \u00fcles seada<\/span><\/li>\n<\/ul>\n<\/div>\n<div class=\"d-flex feature-wrapper mb-lg-8\">\n<ul>\n<li class=\"mb-8 feature-text-content\"><span class=\"paragraph\" data-original=\"Grey-colored fabric absorbs less heat from the sun, keeping the living space cooler\" data-withplaceholders=\"\">Hall kangas neelab p\u00e4ikeselt v\u00e4hem soojust, hoides eluruumi jahedamana<\/span><\/li>\n<\/ul>\n<\/div>\n<div class=\"d-flex feature-wrapper mb-lg-8\">\n<ul>\n<li class=\"mb-8 feature-text-content\"><span class=\"paragraph\" data-original=\"Includes storage bag, stakes and tie out lines\" data-withplaceholders=\"\">Komplektis hoiukott, vaiad ja sidumisn\u00f6\u00f6rid<\/span><\/li>\n<\/ul>\n<\/div>\n<\/div>","protected":false},"excerpt":{"rendered":"<p>Thule Approach-varikatus aitab v\u00e4ltida ettearvamatute vihmahoogude muret ja pakub kuumadel p\u00e4evadel vajalikku varju. See laiendab ka teie laagriplatsi, et luua rohkem sotsiaalset ruumi.<\/p>\n<div class=\"techSpecs__Item\">\n<p class=\"heading6\">\u00dchilduvus: Thule Approach S, Thule Approach M<\/p>\n<\/div>\n<div class=\"techSpecs__Item\">\n<p class=\"heading6\">Pikkus: 4 m<\/p>\n<\/div>\n<div class=\"techSpecs__Item\">\n<p class=\"heading6\">Projektsioon: 2,10 m<\/p>\n<\/div>\n<div class=\"techSpecs__Item\">\n<p class=\"heading6\">Jala maksimaalne k\u00f5rgus: 2,45 m<\/p>\n<\/div>","protected":false},"featured_media":10132,"template":"","meta":[],"product_brand":[],"product_cat":[114,22],"product_tag":[119],"class_list":["post-8134","product","type-product","status-publish","has-post-thumbnail","product_cat-awnings","product_cat-car-tents","product_tag-accessories","first","instock","taxable","shipping-taxable","purchasable","product-type-simple"],"jetpack_sharing_enabled":true,"_links":{"self":[{"href":"https:\/\/trailo.ee\/et\/wp-json\/wp\/v2\/product\/8134","targetHints":{"allow":["GET"]}}],"collection":[{"href":"https:\/\/trailo.ee\/et\/wp-json\/wp\/v2\/product"}],"about":[{"href":"https:\/\/trailo.ee\/et\/wp-json\/wp\/v2\/types\/product"}],"wp:featuredmedia":[{"embeddable":true,"href":"https:\/\/trailo.ee\/et\/wp-json\/wp\/v2\/media\/10132"}],"wp:attachment":[{"href":"https:\/\/trailo.ee\/et\/wp-json\/wp\/v2\/media?parent=8134"}],"wp:term":[{"taxonomy":"product_brand","embeddable":true,"href":"https:\/\/trailo.ee\/et\/wp-json\/wp\/v2\/product_brand?post=8134"},{"taxonomy":"product_cat","embeddable":true,"href":"https:\/\/trailo.ee\/et\/wp-json\/wp\/v2\/product_cat?post=8134"},{"taxonomy":"product_tag","embeddable":true,"href":"https:\/\/trailo.ee\/et\/wp-json\/wp\/v2\/product_tag?post=8134"}],"curies":[{"name":"t\u00f6\u00f6leht","href":"https:\/\/api.w.org\/{rel}","templated":true}]}}

<p>Thule Approach-varikatus aitab vältida ettearvamatute vihmahoogude muret ja pakub kuumadel päevadel vajalikku varju. See laiendab ka teie laagriplatsi, et luua rohkem sotsiaalset ruumi.</p>
<div class="techSpecs__Item">
<p class="heading6">Ühilduvus: Thule Approach S, Thule Approach M</p>
</div>
<div class="techSpecs__Item">
<p class="heading6">Pikkus: 4 m</p>
</div>
<div class="techSpecs__Item">
<p class="heading6">Projektsioon: 2,10 m</p>
</div>
<div class="techSpecs__Item">
<p class="heading6">Jala maksimaalne kõrgus: 2,45 m</p>
<div class="d-flex feature-wrapper mb-lg-8">
<ul>
<li class="mb-8 feature-text-content"><span class="paragraph" data-original="Designed to work seamlessly with Thule Approach S and Thule Approach M rooftop tent" data-withplaceholders="">Loodud sujuvalt ühilduma Thule Approach S ja Thule Approach M katusetelkidega</span></li>
</ul>
</div>
<div class="d-flex feature-wrapper mb-lg-8">
<ul>
<li class="mb-8 feature-text-content"><span class="paragraph" data-original="Move freely in and out of the tent with the awning attached" data-withplaceholders="">Liikuge varikatusega vabalt telgi sisse ja välja</span></li>
</ul>
</div>
<div class="d-flex feature-wrapper mb-lg-8">
<ul>
<li class="mb-8 feature-text-content"><span class="paragraph" data-original="Sturdy, height adjustable aluminum poles" data-withplaceholders="">Tugevad, kõrgusega reguleeritavad alumiiniumist postid</span></li>
</ul>
</div>
<div class="d-flex feature-wrapper mb-lg-8">
<ul>
<li class="mb-8 feature-text-content"><span class="paragraph" data-original="Made with water resistant and lightweight polyester that provides shelter from sun and rain" data-withplaceholders="">Valmistatud veekindlast ja kergest polüestrist, mis pakub kaitset päikese ja vihma eest</span></li>
</ul>
</div>
<div class="d-flex feature-wrapper mb-lg-8">
<ul>
<li class="mb-8 feature-text-content"><span class="paragraph" data-original="Easy to install–simply zip to the tent and setup the poles and tie down lines" data-withplaceholders="">Lihtne paigaldada – lihtsalt lukuga telgi külge kinnitada ja postid ning kinnitusnöörid üles seada</span></li>
</ul>
</div>
<div class="d-flex feature-wrapper mb-lg-8">
<ul>
<li class="mb-8 feature-text-content"><span class="paragraph" data-original="Grey-colored fabric absorbs less heat from the sun, keeping the living space cooler" data-withplaceholders="">Hall kangas neelab päikeselt vähem soojust, hoides eluruumi jahedamana</span></li>
</ul>
</div>
<div class="d-flex feature-wrapper mb-lg-8">
<ul>
<li class="mb-8 feature-text-content"><span class="paragraph" data-original="Includes storage bag, stakes and tie out lines" data-withplaceholders="">Komplektis hoiukott, vaiad ja sidumisnöörid</span></li>
</ul>
</div>
</div>

<p>Thule Approach-varikatus aitab vältida ettearvamatute vihmahoogude muret ja pakub kuumadel päevadel vajalikku varju. See laiendab ka teie laagriplatsi, et luua rohkem sotsiaalset ruumi.</p>
<div class="techSpecs__Item">
<p class="heading6">Ühilduvus: Thule Approach S, Thule Approach M</p>
</div>
<div class="techSpecs__Item">
<p class="heading6">Pikkus: 4 m</p>
</div>
<div class="techSpecs__Item">
<p class="heading6">Projektsioon: 2,10 m</p>
</div>
<div class="techSpecs__Item">
<p class="heading6">Jala maksimaalne kõrgus: 2,45 m</p>
</div>

tööleht
