{"id":8120,"date":"2026-02-17T05:09:18","date_gmt":"2026-02-17T05:09:18","guid":{"rendered":"https:\/\/trailo.ee\/product\/tepui-foothill-2-person\/"},"modified":"2026-04-07T10:16:52","modified_gmt":"2026-04-07T10:16:52","slug":"tepui-foothill-2-person","status":"publish","type":"product","link":"https:\/\/trailo.ee\/et\/toode\/tepui-foothill-2-person\/","title":{"rendered":"Tepui Foothill kahekohaline (agaaviroheline)"},"content":{"rendered":"<h2 class=\"heading3\">Kompaktne katusetelk aktiivsetele seiklejatele<\/h2>\n<div class=\"mb-6\">\n<p class=\"paragraph text-color--gray80\">Kokkupandult on Thule Foothilli autokatusetelgi laius vaid 61 cm, mis on pool enamiku turul olevate katusetelkide laiusest. Vaatamata kompaktsele reisisuurusele on avatud telgil sama palju siseruumi kui traditsioonilisel kahekohalisel telgil. \u00dclespanekuks avage telk lihtsalt ja avage teleskoopvardad. Kokkupandult on telgi madala profiiliga disain katuseraamist vaid 24 cm k\u00f5rgemal. See loob aerod\u00fcnaamilisema profiili ja tagab, et telk v\u00f5tab hooajav\u00e4lisel ajal garaa\u017eis v\u00e4hem hoiuruumi.<\/p>\n<\/div>\n<div class=\"mb-6\">\n<p class=\"paragraph text-color--gray80\">Thule Foothill on valmistatud k\u00f5rgeima kvaliteediga materjalidest ning seda on p\u00f5hjalikult testitud nii v\u00e4litingimustes kui ka Thule maailmatasemel testimislaborites. Thule Foothill on loodud kestma, et saaksite keskenduda sellele, mis on t\u00f5eliselt oluline \u2013 seiklemisele s\u00f5prade ja perega.<\/p>\n<div class=\"d-flex feature-wrapper mb-lg-8\">\n<ul>\n<li class=\"mb-8 feature-text-content\"><span class=\"paragraph\" data-original=\"Folds compactly to preserve valuable space on your roof for bikes, kayaks, and other cargo\" data-withplaceholders=\"\">Kompaktselt kokku volditav, et s\u00e4\u00e4sta v\u00e4\u00e4rtuslikku ruumi katusel jalgrataste, s\u00fcstade ja muu pagasi jaoks<\/span><\/li>\n<li class=\"mb-8 feature-text-content\">Aerod\u00fcnaamiline profiil s\u00f5idu ajal tagab hooajav\u00e4lisel ajal v\u00e4iksema hoiukoha<\/li>\n<li class=\"mb-8 feature-text-content\">Vaatamata kompaktsele reisim\u00f5\u00f5dule on sisemus sama avar kui traditsioonilisel kahekohalisel katusetelgil<\/li>\n<li class=\"mb-8 feature-text-content\">Lai sissep\u00e4\u00e4s, \u00fclisuur panoraamtagaaken ja kaks katuseakent maksimaalse \u00f5huvoolu ja t\u00e4iustatud t\u00e4histaeva vaatlemiseks.<\/li>\n<li class=\"mb-8 feature-text-content\">Teleskoopilised sisemised raamipostid v\u00f5imaldavad lihtsat \u00fche inimese poolt paigaldamist ja mahav\u00f5tmist<\/li>\n<li class=\"mb-8 feature-text-content\">Madala profiiliga, s\u00fcmmeetriline disain v\u00f5imaldab telgi paigaldada s\u00f5iduki m\u00f5lemale k\u00fcljele<\/li>\n<li class=\"mb-8 feature-text-content\">Komplektis on pehme, madala profiiliga 4 cm poroloonmadrats eemaldatava ja masinpestava kattega<\/li>\n<li class=\"mb-8 feature-text-content\">Varustuse ja tarvikute kinnituspunktid<\/li>\n<li class=\"mb-8 feature-text-content\">V\u00e4lised kinnituspunktid lampide, hoiulahenduste v\u00f5i muu varustuse jaoks, et muuta laager hubaseks ja isikup\u00e4rasemaks.<\/li>\n<li class=\"mb-8 feature-text-content\">Vastupidav kangas<\/li>\n<li class=\"mb-8 feature-text-content\">Ilmastikukindel ja vastupidav telgikangas peab vastu karmidele ilmastikutingimustele ning on hingav, et v\u00e4hendada kondensaadi teket telgi sees.<\/li>\n<li class=\"mb-8 feature-text-content\">Telgi sisemised taskud pakuvad lisaruumi esemete hoidmiseks<\/li>\n<\/ul>\n<\/div>\n<\/div>","protected":false},"excerpt":{"rendered":"<p>Thule Foothill on kahele t\u00e4iskasvanule m\u00f5eldud katusetelk, mis volditakse kompaktselt kokku ja s\u00e4\u00e4stab katusel v\u00e4\u00e4rtuslikku ruumi jalgrataste, s\u00fcstade ja muu pagasi jaoks teie j\u00e4rgmiseks seikluseks.<\/p>\n<div class=\"techSpecs__Item\">\n<p class=\"heading6\">M\u00f5\u00f5tmed (avatult): 213 x 119 x 93 cm<\/p>\n<\/div>\n<div class=\"techSpecs__Item\">\n<p class=\"heading6\">M\u00f5\u00f5tmed (suletud): 210,8 x 61 x 24 cm<\/p>\n<\/div>\n<div class=\"techSpecs__Item\">\n<p class=\"heading6\">Magamispinna m\u00f5\u00f5tmed: 213 x 119 cm<\/p>\n<\/div>","protected":false},"featured_media":10107,"template":"","meta":[],"product_brand":[],"product_cat":[22,59],"product_tag":[134],"class_list":["post-8120","product","type-product","status-publish","has-post-thumbnail","product_cat-car-tents","product_cat-roof-tents","product_tag-roof-tents","first","instock","taxable","shipping-taxable","purchasable","product-type-simple"],"jetpack_sharing_enabled":true,"_links":{"self":[{"href":"https:\/\/trailo.ee\/et\/wp-json\/wp\/v2\/product\/8120","targetHints":{"allow":["GET"]}}],"collection":[{"href":"https:\/\/trailo.ee\/et\/wp-json\/wp\/v2\/product"}],"about":[{"href":"https:\/\/trailo.ee\/et\/wp-json\/wp\/v2\/types\/product"}],"wp:featuredmedia":[{"embeddable":true,"href":"https:\/\/trailo.ee\/et\/wp-json\/wp\/v2\/media\/10107"}],"wp:attachment":[{"href":"https:\/\/trailo.ee\/et\/wp-json\/wp\/v2\/media?parent=8120"}],"wp:term":[{"taxonomy":"product_brand","embeddable":true,"href":"https:\/\/trailo.ee\/et\/wp-json\/wp\/v2\/product_brand?post=8120"},{"taxonomy":"product_cat","embeddable":true,"href":"https:\/\/trailo.ee\/et\/wp-json\/wp\/v2\/product_cat?post=8120"},{"taxonomy":"product_tag","embeddable":true,"href":"https:\/\/trailo.ee\/et\/wp-json\/wp\/v2\/product_tag?post=8120"}],"curies":[{"name":"t\u00f6\u00f6leht","href":"https:\/\/api.w.org\/{rel}","templated":true}]}}

<h2 class="heading3">Kompaktne katusetelk aktiivsetele seiklejatele</h2>
<div class="mb-6">
<p class="paragraph text-color--gray80">Kokkupandult on Thule Foothilli autokatusetelgi laius vaid 61 cm, mis on pool enamiku turul olevate katusetelkide laiusest. Vaatamata kompaktsele reisisuurusele on avatud telgil sama palju siseruumi kui traditsioonilisel kahekohalisel telgil. Ülespanekuks avage telk lihtsalt ja avage teleskoopvardad. Kokkupandult on telgi madala profiiliga disain katuseraamist vaid 24 cm kõrgemal. See loob aerodünaamilisema profiili ja tagab, et telk võtab hooajavälisel ajal garaažis vähem hoiuruumi.</p>
</div>
<div class="mb-6">
<p class="paragraph text-color--gray80">Thule Foothill on valmistatud kõrgeima kvaliteediga materjalidest ning seda on põhjalikult testitud nii välitingimustes kui ka Thule maailmatasemel testimislaborites. Thule Foothill on loodud kestma, et saaksite keskenduda sellele, mis on tõeliselt oluline – seiklemisele sõprade ja perega.</p>
<div class="d-flex feature-wrapper mb-lg-8">
<ul>
<li class="mb-8 feature-text-content"><span class="paragraph" data-original="Folds compactly to preserve valuable space on your roof for bikes, kayaks, and other cargo" data-withplaceholders="">Kompaktselt kokku volditav, et säästa väärtuslikku ruumi katusel jalgrataste, süstade ja muu pagasi jaoks</span></li>
<li class="mb-8 feature-text-content">Aerodünaamiline profiil sõidu ajal tagab hooajavälisel ajal väiksema hoiukoha</li>
<li class="mb-8 feature-text-content">Vaatamata kompaktsele reisimõõdule on sisemus sama avar kui traditsioonilisel kahekohalisel katusetelgil</li>
<li class="mb-8 feature-text-content">Lai sissepääs, ülisuur panoraamtagaaken ja kaks katuseakent maksimaalse õhuvoolu ja täiustatud tähistaeva vaatlemiseks.</li>
<li class="mb-8 feature-text-content">Teleskoopilised sisemised raamipostid võimaldavad lihtsat ühe inimese poolt paigaldamist ja mahavõtmist</li>
<li class="mb-8 feature-text-content">Madala profiiliga, sümmeetriline disain võimaldab telgi paigaldada sõiduki mõlemale küljele</li>
<li class="mb-8 feature-text-content">Komplektis on pehme, madala profiiliga 4 cm poroloonmadrats eemaldatava ja masinpestava kattega</li>
<li class="mb-8 feature-text-content">Varustuse ja tarvikute kinnituspunktid</li>
<li class="mb-8 feature-text-content">Välised kinnituspunktid lampide, hoiulahenduste või muu varustuse jaoks, et muuta laager hubaseks ja isikupärasemaks.</li>
<li class="mb-8 feature-text-content">Vastupidav kangas</li>
<li class="mb-8 feature-text-content">Ilmastikukindel ja vastupidav telgikangas peab vastu karmidele ilmastikutingimustele ning on hingav, et vähendada kondensaadi teket telgi sees.</li>
<li class="mb-8 feature-text-content">Telgi sisemised taskud pakuvad lisaruumi esemete hoidmiseks</li>
</ul>
</div>
</div>

<p>Thule Foothill on kahele täiskasvanule mõeldud katusetelk, mis volditakse kompaktselt kokku ja säästab katusel väärtuslikku ruumi jalgrataste, süstade ja muu pagasi jaoks teie järgmiseks seikluseks.</p>
<div class="techSpecs__Item">
<p class="heading6">Mõõtmed (avatult): 213 x 119 x 93 cm</p>
</div>
<div class="techSpecs__Item">
<p class="heading6">Mõõtmed (suletud): 210,8 x 61 x 24 cm</p>
</div>
<div class="techSpecs__Item">
<p class="heading6">Magamispinna mõõtmed: 213 x 119 cm</p>
</div>

tööleht
