{"id":8114,"date":"2026-02-17T05:09:18","date_gmt":"2026-02-17T05:09:18","guid":{"rendered":"https:\/\/trailo.ee\/product\/thule-approach-awning-s-m\/"},"modified":"2026-04-07T10:33:38","modified_gmt":"2026-04-07T10:33:38","slug":"thule-approach-awning-s-m","status":"publish","type":"product","link":"https:\/\/trailo.ee\/et\/toode\/thule-approach-awning-s-m\/","title":{"rendered":"Thule Approach varikatus S\/M"},"content":{"rendered":"<p>Thule Approach-varikatus aitab v\u00e4ltida ettearvamatute vihmahoogude muret ja pakub kuumadel p\u00e4evadel vajalikku varju. See laiendab ka teie laagriplatsi, et luua rohkem sotsiaalset ruumi.<\/p>\n<div class=\"d-flex feature-wrapper mb-lg-8\">\n<ul>\n<li class=\"mb-8 feature-text-content\"><span class=\"heading4\">Ideaalne sobivus \u2013 <\/span>Loodud sujuvalt \u00fchilduma Thule Approach S ja Thule Approach M katusetelkidega<\/li>\n<\/ul>\n<\/div>\n<div class=\"d-flex feature-wrapper mb-lg-8\">\n<ul>\n<li class=\"mb-8 feature-text-content\"><span class=\"heading4\">Convenient access &#8211; <\/span>Liikuge varikatusega vabalt telgi sisse ja v\u00e4lja<\/li>\n<\/ul>\n<\/div>\n<div class=\"d-flex feature-wrapper mb-lg-8\">\n<ul>\n<li class=\"mb-8 feature-text-content\"><span class=\"heading4\">Reguleeritavad alumiiniumist postid \u2013 <\/span>Tugevad, k\u00f5rgusega reguleeritavad alumiiniumist postid<\/li>\n<\/ul>\n<\/div>\n<div class=\"d-flex feature-wrapper mb-lg-8\">\n<ul>\n<li class=\"mb-8 feature-text-content\"><span class=\"heading4\">Weather-resistant fabric &#8211; <\/span>Valmistatud veekindlast ja kergest pol\u00fcestrist, mis pakub kaitset p\u00e4ikese ja vihma eest<\/li>\n<\/ul>\n<\/div>\n<div class=\"d-flex feature-wrapper mb-lg-8\">\n<ul>\n<li class=\"mb-8 feature-text-content\"><span class=\"heading4\">Quick and easy setup &#8211; <\/span>Lihtne paigaldada \u2013 lihtsalt lukuga telgi k\u00fclge kinnitada ja postid ning kinnitusn\u00f6\u00f6rid \u00fcles seada<\/li>\n<\/ul>\n<\/div>\n<div class=\"d-flex feature-wrapper mb-lg-8\">\n<ul>\n<li class=\"mb-8 feature-text-content\"><span class=\"heading4\">Essential accessories included &#8211; <\/span>Komplektis hoiukott, vaiad ja sidumisn\u00f6\u00f6rid<\/li>\n<\/ul>\n<\/div>\n<div class=\"d-flex feature-wrapper mb-lg-8\">\n<ul>\n<li class=\"mb-8 feature-text-content\"><span class=\"heading4\">Made from recycled materials &#8211; <\/span>Kangas on valmistatud 100% taaskasutatud lahusv\u00e4rvitud pol\u00fcestrist, mis on valmistatud taaskasutatud plastpudelitest.<\/li>\n<\/ul>\n<\/div>","protected":false},"excerpt":{"rendered":"<p>Thule Approach-varikatus aitab v\u00e4ltida ettearvamatute vihmahoogude muret ja pakub kuumadel p\u00e4evadel vajalikku varju. See laiendab ka teie laagriplatsi, et luua rohkem sotsiaalset ruumi.<\/p>\n<p class=\"heading6\">Pikkus: 4 m<\/p>","protected":false},"featured_media":9886,"template":"","meta":[],"product_brand":[],"product_cat":[51,22],"product_tag":[119],"class_list":["post-8114","product","type-product","status-publish","has-post-thumbnail","product_cat-accessories-car-tents","product_cat-car-tents","product_tag-accessories","first","instock","taxable","shipping-taxable","purchasable","product-type-simple"],"jetpack_sharing_enabled":true,"_links":{"self":[{"href":"https:\/\/trailo.ee\/et\/wp-json\/wp\/v2\/product\/8114","targetHints":{"allow":["GET"]}}],"collection":[{"href":"https:\/\/trailo.ee\/et\/wp-json\/wp\/v2\/product"}],"about":[{"href":"https:\/\/trailo.ee\/et\/wp-json\/wp\/v2\/types\/product"}],"wp:featuredmedia":[{"embeddable":true,"href":"https:\/\/trailo.ee\/et\/wp-json\/wp\/v2\/media\/9886"}],"wp:attachment":[{"href":"https:\/\/trailo.ee\/et\/wp-json\/wp\/v2\/media?parent=8114"}],"wp:term":[{"taxonomy":"product_brand","embeddable":true,"href":"https:\/\/trailo.ee\/et\/wp-json\/wp\/v2\/product_brand?post=8114"},{"taxonomy":"product_cat","embeddable":true,"href":"https:\/\/trailo.ee\/et\/wp-json\/wp\/v2\/product_cat?post=8114"},{"taxonomy":"product_tag","embeddable":true,"href":"https:\/\/trailo.ee\/et\/wp-json\/wp\/v2\/product_tag?post=8114"}],"curies":[{"name":"t\u00f6\u00f6leht","href":"https:\/\/api.w.org\/{rel}","templated":true}]}}

<p>Thule Approach-varikatus aitab vältida ettearvamatute vihmahoogude muret ja pakub kuumadel päevadel vajalikku varju. See laiendab ka teie laagriplatsi, et luua rohkem sotsiaalset ruumi.</p>
<div class="d-flex feature-wrapper mb-lg-8">
<ul>
<li class="mb-8 feature-text-content"><span class="heading4">Ideaalne sobivus – </span>Loodud sujuvalt ühilduma Thule Approach S ja Thule Approach M katusetelkidega</li>
</ul>
</div>
<div class="d-flex feature-wrapper mb-lg-8">
<ul>
<li class="mb-8 feature-text-content"><span class="heading4">Convenient access &#8211; </span>Liikuge varikatusega vabalt telgi sisse ja välja</li>
</ul>
</div>
<div class="d-flex feature-wrapper mb-lg-8">
<ul>
<li class="mb-8 feature-text-content"><span class="heading4">Reguleeritavad alumiiniumist postid – </span>Tugevad, kõrgusega reguleeritavad alumiiniumist postid</li>
</ul>
</div>
<div class="d-flex feature-wrapper mb-lg-8">
<ul>
<li class="mb-8 feature-text-content"><span class="heading4">Weather-resistant fabric &#8211; </span>Valmistatud veekindlast ja kergest polüestrist, mis pakub kaitset päikese ja vihma eest</li>
</ul>
</div>
<div class="d-flex feature-wrapper mb-lg-8">
<ul>
<li class="mb-8 feature-text-content"><span class="heading4">Quick and easy setup &#8211; </span>Lihtne paigaldada – lihtsalt lukuga telgi külge kinnitada ja postid ning kinnitusnöörid üles seada</li>
</ul>
</div>
<div class="d-flex feature-wrapper mb-lg-8">
<ul>
<li class="mb-8 feature-text-content"><span class="heading4">Essential accessories included &#8211; </span>Komplektis hoiukott, vaiad ja sidumisnöörid</li>
</ul>
</div>
<div class="d-flex feature-wrapper mb-lg-8">
<ul>
<li class="mb-8 feature-text-content"><span class="heading4">Made from recycled materials &#8211; </span>Kangas on valmistatud 100% taaskasutatud lahusvärvitud polüestrist, mis on valmistatud taaskasutatud plastpudelitest.</li>
</ul>
</div>

<p>Thule Approach-varikatus aitab vältida ettearvamatute vihmahoogude muret ja pakub kuumadel päevadel vajalikku varju. See laiendab ka teie laagriplatsi, et luua rohkem sotsiaalset ruumi.</p>
<p class="heading6">Pikkus: 4 m</p>

tööleht
