{"id":8113,"date":"2026-02-17T05:09:18","date_gmt":"2026-02-17T05:09:18","guid":{"rendered":"https:\/\/trailo.ee\/product\/approach-l-for-3-4-people-dark-slate\/"},"modified":"2026-04-07T10:37:55","modified_gmt":"2026-04-07T10:37:55","slug":"approach-l-for-3-4-people-dark-slate","status":"publish","type":"product","link":"https:\/\/trailo.ee\/et\/toode\/approach-l-for-3-4-people-dark-slate\/","title":{"rendered":"Approach L 3-4 inimesele, tume kiltkivi"},"content":{"rendered":"<h2 class=\"heading3\">Mugavus kohtub seiklusega<\/h2>\n<div class=\"mb-6\">\n<p class=\"paragraph text-color--gray80\">Muutke iga reis seikluseks Thule Approach 2-ga \u2013 meie t\u00e4iustatud avara pehme kestaga katusetelgiga, mis on loodud mugavuse, praktilisuse ja stiili silmas pidades. Avara sisemuse, suurte panoraamakende, hubaste omaduste ja nutika aastaringse disainiga on see teie kodu kodust eemal auto katusel. Olgu tegemist \u00fcksi v\u00f5i perega seikluse v\u00f5i n\u00e4dalavahetuse puhkusega, see katusetelk muudab telkimise lihtsamaks, turvalisemaks ja nauditavamaks.<\/p>\n<\/div>\n<div class=\"mb-6\">\n<h5 class=\"heading5 text-color--black mb-4\">Rohkem ruumi, rohkem v\u00f5imalusi<\/h5>\n<p class=\"paragraph text-color--gray80\">V\u00e4ljapoole suunatud sissep\u00e4\u00e4s maksimeerib siseruumi magamis- ja hoiuruumi jaoks. Panoraamaknad laes ja seintel toovad teid loodusele l\u00e4hemale kui kunagi varem. Uus suur varikatus loob varjulise elutoa, samas kui valikulised seinad pakuvad privaatsust ja kaitset ilmastikuolude eest (m\u00fc\u00fcgil eraldi).<\/p>\n<\/div>\n<div class=\"mb-6\">\n<h5 class=\"heading5 text-color--black mb-4\">Kiire seadistamine mugavaks puhkuseks<\/h5>\n<p class=\"paragraph text-color--gray80\">Thule Approach 2 on loodud h\u00f5lpsaks kasutamiseks. Kohale j\u00f5udes avage lihtsalt reisikatte lukk, voltige alus lahti ja oletegi v\u00e4hem kui kolme minutiga telkimisvalmis. Uuenduslikud kinnitusklambrid v\u00f5imaldavad teil telgi katusele minutitega paigaldada.<\/p>\n<\/div>\n<div class=\"mb-6\">\n<h5 class=\"heading5 text-color--black mb-4\">Mugavus t\u00e4htede all<\/h5>\n<p class=\"paragraph text-color--gray80\">Meie auhinnatud katusetelk on n\u00fc\u00fcd veelgi mugavam. Nurga all olev redel v\u00f5imaldab teil sisse ronida stabiilse ja loomuliku liigutusega. Seespool muudab pehme tepitud madratsikate telgi hubaseks pelgupaigaks. Sisseehitatud k\u00fctteava \u00fchilduvus tagab mugavuse nii k\u00fclmas kui ka soojas kliimas.<\/p>\n<div class=\"d-flex feature-wrapper mb-lg-8\">\n<ul>\n<li class=\"mb-8 feature-text-content\"><span class=\"heading4\">Kiire ja lihtne seadistamine \u2013 <\/span>Lihtsalt avage reisikatte lukk, voltige alus lahti ja minge pargitud olekust telkimisvalmis olekusse v\u00e4hem kui 3 minutiga.<\/li>\n<\/ul>\n<\/div>\n<div class=\"d-flex feature-wrapper mb-lg-8\">\n<ul>\n<li class=\"mb-8 feature-text-content\"><span class=\"heading4\">Eriti avar interj\u00f6\u00f6r panoraamkatuseakendega \u2013 <\/span>Moodne telgikuju pakub avarat sisemust, samas kui panoraamkatuseaknad ja -aknad v\u00f5imaldavad teil t\u00e4hti vaadata ja loodusele l\u00e4hemale j\u00f5uda.<\/li>\n<\/ul>\n<\/div>\n<div class=\"d-flex feature-wrapper mb-lg-8\">\n<ul>\n<li class=\"mb-8 feature-text-content\"><span class=\"heading4\">\u00dchildub varikatuse ja varikatuseintega (m\u00fc\u00fcgil eraldi) \u2013 <\/span>\u00dchildub varikatuse ja varikatuseintega (m\u00fc\u00fcgil eraldi), mis pakuvad veelgi rohkem varjualust ruumi<\/li>\n<\/ul>\n<\/div>\n<div class=\"d-flex feature-wrapper mb-lg-8\">\n<ul>\n<li class=\"mb-8 feature-text-content\"><span class=\"heading4\">Integreeritud k\u00fctteport \u2013 <\/span>Telgi k\u00fcljel on sisseehitatud port kliimaseadme ja k\u00fctteseadme jaoks, et reguleerida temperatuuri nii k\u00f5rgel kui ka madalal temperatuuril<\/li>\n<\/ul>\n<\/div>\n<div class=\"d-flex feature-wrapper mb-lg-8\">\n<ul>\n<li class=\"mb-8 feature-text-content\"><span class=\"heading4\">Redel sujuvaks sisenemiseks ja v\u00e4ljumiseks \u2013 <\/span>Nurga all olev redel muudab telki sisenemise ja sealt v\u00e4ljumise stabiilseks ja loomulikuks. Selle l\u00e4bim\u00f5eldud disain tagab mugavuse, et saaksite h\u00f5lpsalt siseneda ja v\u00e4ljuda.<\/li>\n<\/ul>\n<\/div>\n<div class=\"d-flex feature-wrapper mb-lg-8\">\n<ul>\n<li class=\"mb-8 feature-text-content\"><span class=\"heading4\">Lihtne paigaldada katuseraamidele \u2013 <\/span>Lukustatavad kinnitusklambrid kinnitavad telgi katuseraamidele poole kiiremini kui traditsioonilised katusetelgid ning neil on p\u00f6\u00f6rdemomendi piiramise t\u00f6\u00f6riist ohutumaks paigaldamiseks.<\/li>\n<\/ul>\n<\/div>\n<div class=\"d-flex feature-wrapper mb-lg-8\">\n<ul>\n<li class=\"mb-8 feature-text-content\"><span class=\"heading4\">Vastupidav taaskasutatud kangas \u2013 <\/span>Ilmastikukindel ja vastupidav telgikangas, mis on valmistatud 100% taaskasutatud lahusv\u00e4rvitud pol\u00fcestrist, mis on valmistatud taaskasutatud plastpudelitest.<\/li>\n<\/ul>\n<\/div>\n<div class=\"d-flex feature-wrapper mb-lg-8\">\n<ul>\n<li class=\"mb-8 feature-text-content\"><span class=\"heading4\">Premium-klassi poroloonmadrats pehme tepitud kattega \u2013 <\/span>Paks kahekihiline 6 cm \/ 2,4-tolline poroloonmadrats tepitud kattega luksusliku telkimiskogemuse tagamiseks<\/li>\n<\/ul>\n<\/div>\n<div class=\"d-flex feature-wrapper mb-lg-8\">\n<ul>\n<li class=\"mb-8 feature-text-content\"><span class=\"heading4\">Nutikas sisemine panipaik \u2013 <\/span>Neli sisemist v\u00f5rgust taskut oluliste asjade k\u00e4eulatuses hoidmiseks<\/li>\n<\/ul>\n<\/div>\n<div class=\"d-flex feature-wrapper mb-lg-8\">\n<ul>\n<li class=\"mb-8 feature-text-content\"><span class=\"heading4\">3 ilmastikukaitse re\u017eiimi \u2013 <\/span>Eemaldatav vihmakate kolme erineva re\u017eiimiga sobib iga ilmaga<\/li>\n<\/ul>\n<\/div>\n<div class=\"d-flex feature-wrapper mb-lg-8\">\n<ul>\n<li class=\"mb-8 feature-text-content\"><span class=\"heading4\">V\u00f5rkpaneelid ventilatsiooniks \u2013 <\/span>Uste ja akende v\u00f5rgust paneelid pakuvad head ventilatsiooni<\/li>\n<\/ul>\n<\/div>\n<div class=\"d-flex feature-wrapper mb-lg-8\">\n<ul>\n<li class=\"mb-8 feature-text-content\"><span class=\"heading4\">Varustuse ja lisatarvikute kinnituspunktid \u2013 <\/span>V\u00e4lised kinnituspunktid v\u00f5imaldavad riputada lampe, hoiulahendusi v\u00f5i muud varustust, mis aitab teil luua hubase ja isikup\u00e4rase laagri.<\/li>\n<\/ul>\n<\/div>\n<\/div>","protected":false},"excerpt":{"rendered":"<p>Thule Approach on telk, mis muudab seiklusreisimise lihtsamaks, mugavamaks ja l\u00f5busamaks. Autokatusetelk maksimeerib siseruumi, pakkudes suurep\u00e4rast kohta aja veetmiseks ja mugavat und.<\/p>\n<div class=\"techSpecs__Item\">\n<p class=\"heading6\">M\u00f5\u00f5tmed (avatult): 244 x 183 x 102 cm<\/p>\n<\/div>\n<div class=\"techSpecs__Item\">\n<p class=\"heading6\">M\u00f5\u00f5tmed (suletud): 124 x 183 x 28 cm<\/p>\n<\/div>\n<div class=\"techSpecs__Item\">\n<p class=\"heading6\">Magamispind: 240 x 170 cm<\/p>\n<\/div>","protected":false},"featured_media":10356,"template":"","meta":[],"product_brand":[],"product_cat":[22,59],"product_tag":[134],"class_list":["post-8113","product","type-product","status-publish","has-post-thumbnail","product_cat-car-tents","product_cat-roof-tents","product_tag-roof-tents","first","instock","taxable","shipping-taxable","purchasable","product-type-simple"],"jetpack_sharing_enabled":true,"_links":{"self":[{"href":"https:\/\/trailo.ee\/et\/wp-json\/wp\/v2\/product\/8113","targetHints":{"allow":["GET"]}}],"collection":[{"href":"https:\/\/trailo.ee\/et\/wp-json\/wp\/v2\/product"}],"about":[{"href":"https:\/\/trailo.ee\/et\/wp-json\/wp\/v2\/types\/product"}],"wp:featuredmedia":[{"embeddable":true,"href":"https:\/\/trailo.ee\/et\/wp-json\/wp\/v2\/media\/10356"}],"wp:attachment":[{"href":"https:\/\/trailo.ee\/et\/wp-json\/wp\/v2\/media?parent=8113"}],"wp:term":[{"taxonomy":"product_brand","embeddable":true,"href":"https:\/\/trailo.ee\/et\/wp-json\/wp\/v2\/product_brand?post=8113"},{"taxonomy":"product_cat","embeddable":true,"href":"https:\/\/trailo.ee\/et\/wp-json\/wp\/v2\/product_cat?post=8113"},{"taxonomy":"product_tag","embeddable":true,"href":"https:\/\/trailo.ee\/et\/wp-json\/wp\/v2\/product_tag?post=8113"}],"curies":[{"name":"t\u00f6\u00f6leht","href":"https:\/\/api.w.org\/{rel}","templated":true}]}}

<h2 class="heading3">Mugavus kohtub seiklusega</h2>
<div class="mb-6">
<p class="paragraph text-color--gray80">Muutke iga reis seikluseks Thule Approach 2-ga – meie täiustatud avara pehme kestaga katusetelgiga, mis on loodud mugavuse, praktilisuse ja stiili silmas pidades. Avara sisemuse, suurte panoraamakende, hubaste omaduste ja nutika aastaringse disainiga on see teie kodu kodust eemal auto katusel. Olgu tegemist üksi või perega seikluse või nädalavahetuse puhkusega, see katusetelk muudab telkimise lihtsamaks, turvalisemaks ja nauditavamaks.</p>
</div>
<div class="mb-6">
<h5 class="heading5 text-color--black mb-4">Rohkem ruumi, rohkem võimalusi</h5>
<p class="paragraph text-color--gray80">Väljapoole suunatud sissepääs maksimeerib siseruumi magamis- ja hoiuruumi jaoks. Panoraamaknad laes ja seintel toovad teid loodusele lähemale kui kunagi varem. Uus suur varikatus loob varjulise elutoa, samas kui valikulised seinad pakuvad privaatsust ja kaitset ilmastikuolude eest (müügil eraldi).</p>
</div>
<div class="mb-6">
<h5 class="heading5 text-color--black mb-4">Kiire seadistamine mugavaks puhkuseks</h5>
<p class="paragraph text-color--gray80">Thule Approach 2 on loodud hõlpsaks kasutamiseks. Kohale jõudes avage lihtsalt reisikatte lukk, voltige alus lahti ja oletegi vähem kui kolme minutiga telkimisvalmis. Uuenduslikud kinnitusklambrid võimaldavad teil telgi katusele minutitega paigaldada.</p>
</div>
<div class="mb-6">
<h5 class="heading5 text-color--black mb-4">Mugavus tähtede all</h5>
<p class="paragraph text-color--gray80">Meie auhinnatud katusetelk on nüüd veelgi mugavam. Nurga all olev redel võimaldab teil sisse ronida stabiilse ja loomuliku liigutusega. Seespool muudab pehme tepitud madratsikate telgi hubaseks pelgupaigaks. Sisseehitatud kütteava ühilduvus tagab mugavuse nii külmas kui ka soojas kliimas.</p>
<div class="d-flex feature-wrapper mb-lg-8">
<ul>
<li class="mb-8 feature-text-content"><span class="heading4">Kiire ja lihtne seadistamine – </span>Lihtsalt avage reisikatte lukk, voltige alus lahti ja minge pargitud olekust telkimisvalmis olekusse vähem kui 3 minutiga.</li>
</ul>
</div>
<div class="d-flex feature-wrapper mb-lg-8">
<ul>
<li class="mb-8 feature-text-content"><span class="heading4">Eriti avar interjöör panoraamkatuseakendega – </span>Moodne telgikuju pakub avarat sisemust, samas kui panoraamkatuseaknad ja -aknad võimaldavad teil tähti vaadata ja loodusele lähemale jõuda.</li>
</ul>
</div>
<div class="d-flex feature-wrapper mb-lg-8">
<ul>
<li class="mb-8 feature-text-content"><span class="heading4">Ühildub varikatuse ja varikatuseintega (müügil eraldi) – </span>Ühildub varikatuse ja varikatuseintega (müügil eraldi), mis pakuvad veelgi rohkem varjualust ruumi</li>
</ul>
</div>
<div class="d-flex feature-wrapper mb-lg-8">
<ul>
<li class="mb-8 feature-text-content"><span class="heading4">Integreeritud kütteport – </span>Telgi küljel on sisseehitatud port kliimaseadme ja kütteseadme jaoks, et reguleerida temperatuuri nii kõrgel kui ka madalal temperatuuril</li>
</ul>
</div>
<div class="d-flex feature-wrapper mb-lg-8">
<ul>
<li class="mb-8 feature-text-content"><span class="heading4">Redel sujuvaks sisenemiseks ja väljumiseks – </span>Nurga all olev redel muudab telki sisenemise ja sealt väljumise stabiilseks ja loomulikuks. Selle läbimõeldud disain tagab mugavuse, et saaksite hõlpsalt siseneda ja väljuda.</li>
</ul>
</div>
<div class="d-flex feature-wrapper mb-lg-8">
<ul>
<li class="mb-8 feature-text-content"><span class="heading4">Lihtne paigaldada katuseraamidele – </span>Lukustatavad kinnitusklambrid kinnitavad telgi katuseraamidele poole kiiremini kui traditsioonilised katusetelgid ning neil on pöördemomendi piiramise tööriist ohutumaks paigaldamiseks.</li>
</ul>
</div>
<div class="d-flex feature-wrapper mb-lg-8">
<ul>
<li class="mb-8 feature-text-content"><span class="heading4">Vastupidav taaskasutatud kangas – </span>Ilmastikukindel ja vastupidav telgikangas, mis on valmistatud 100% taaskasutatud lahusvärvitud polüestrist, mis on valmistatud taaskasutatud plastpudelitest.</li>
</ul>
</div>
<div class="d-flex feature-wrapper mb-lg-8">
<ul>
<li class="mb-8 feature-text-content"><span class="heading4">Premium-klassi poroloonmadrats pehme tepitud kattega – </span>Paks kahekihiline 6 cm / 2,4-tolline poroloonmadrats tepitud kattega luksusliku telkimiskogemuse tagamiseks</li>
</ul>
</div>
<div class="d-flex feature-wrapper mb-lg-8">
<ul>
<li class="mb-8 feature-text-content"><span class="heading4">Nutikas sisemine panipaik – </span>Neli sisemist võrgust taskut oluliste asjade käeulatuses hoidmiseks</li>
</ul>
</div>
<div class="d-flex feature-wrapper mb-lg-8">
<ul>
<li class="mb-8 feature-text-content"><span class="heading4">3 ilmastikukaitse režiimi – </span>Eemaldatav vihmakate kolme erineva režiimiga sobib iga ilmaga</li>
</ul>
</div>
<div class="d-flex feature-wrapper mb-lg-8">
<ul>
<li class="mb-8 feature-text-content"><span class="heading4">Võrkpaneelid ventilatsiooniks – </span>Uste ja akende võrgust paneelid pakuvad head ventilatsiooni</li>
</ul>
</div>
<div class="d-flex feature-wrapper mb-lg-8">
<ul>
<li class="mb-8 feature-text-content"><span class="heading4">Varustuse ja lisatarvikute kinnituspunktid – </span>Välised kinnituspunktid võimaldavad riputada lampe, hoiulahendusi või muud varustust, mis aitab teil luua hubase ja isikupärase laagri.</li>
</ul>
</div>
</div>

<p>Thule Approach on telk, mis muudab seiklusreisimise lihtsamaks, mugavamaks ja lõbusamaks. Autokatusetelk maksimeerib siseruumi, pakkudes suurepärast kohta aja veetmiseks ja mugavat und.</p>
<div class="techSpecs__Item">
<p class="heading6">Mõõtmed (avatult): 244 x 183 x 102 cm</p>
</div>
<div class="techSpecs__Item">
<p class="heading6">Mõõtmed (suletud): 124 x 183 x 28 cm</p>
</div>
<div class="techSpecs__Item">
<p class="heading6">Magamispind: 240 x 170 cm</p>
</div>

tööleht
