{"id":8069,"date":"2026-02-17T05:09:15","date_gmt":"2026-02-17T05:09:15","guid":{"rendered":"https:\/\/trailo.ee\/product\/easyfold-3-2-bikes-13pin\/"},"modified":"2026-05-14T06:58:30","modified_gmt":"2026-05-14T06:58:30","slug":"easyfold-3-2-bikes-13pin","status":"publish","type":"product","link":"https:\/\/trailo.ee\/et\/toode\/easyfold-3-2-bikes-13pin\/","title":{"rendered":"EasyFold 3 (2 jalgratast, 13-pinnine)"},"content":{"rendered":"<h2 class=\"heading3\">Vii oma jalgrattaseiklused uuele tasemele enneolematu kerguse ja mitmek\u00fclgsusega<\/h2>\n<div class=\"mb-6\">\n<h5 class=\"heading5 text-color--black mb-4\">Revolutsiooniline disain ja paindlikkus<\/h5>\n<p class=\"paragraph text-color--gray80\">Thule EasyFold 3 jalgrattahoidik tugineb meie p\u00e4randile uue platvormiga, pakkudes suuremat paindlikkust, et mahutada laiemat valikut jalgrattaid, sealhulgas elektrirattaid. Selle uuenduslik jalgrattahoidik rihma ja p\u00f6\u00f6rleva peaga tagab kindla kinnituse 20 mm kuni 90 mm raamidele, muutes selle sobivaks k\u00f5igele alates lastejalgratastest kuni raskete m\u00e4gijalgratasteni.<\/p>\n<\/div>\n<div class=\"mb-6\">\n<h5 class=\"heading5 text-color--black mb-4\">V\u00f5rratu kasutusmugavus<\/h5>\n<p class=\"paragraph text-color--gray80\">T\u00e4nu intuitiivsele kl\u00f5psuga kinnitatavale jalgrattahoidikule v\u00f5imaldab Thule EasyFold 3 jalgrataste laadimist ja mahalaadimist vaevata \u00fche k\u00e4ega kasutada, lihtsustades sellega nende hoiustamist ja transportimist. T\u00e4ielikult kokkupandav disain tagab h\u00f5lpsa hoiustamise ja transportimise, mis sobib nii aktiivsete perede kui ka innukate jalgratturite vajadustega.<\/p>\n<\/div>\n<div class=\"mb-6\">\n<h5 class=\"heading5 text-color--black mb-4\">Suurem v\u00f5imekus perega seiklusteks<\/h5>\n<p class=\"paragraph text-color--gray80\">Thule EasyFold 3, mida saab t\u00e4iendava jalgrattaadapteri abil muuta kahe jalgratta hoidikust kolme jalgratta hoidikuks, on perede parim valik. Selle suur vahe ja teljevahe mahutavad isegi suuremaid jalgrattaid ja elektrijalgrattaid, tagades, et saate kaasa v\u00f5tta jalgrattaid kogu perele v\u00f5i oma rattameeskonnale.<\/p>\n<\/div>\n<div class=\"mb-6\">\n<h5 class=\"heading5 text-color--black mb-4\">Stiilne ja vastupidav konstruktsioon<\/h5>\n<p class=\"paragraph text-color--gray80\">Thule EasyFold 3 mitte ainult ei vasta erinevate jalgratturite funktsionaalsetele vajadustele, vaid on ka esteetiliselt meeldiv oma moodsa disainiga, mis sobib t\u00e4nap\u00e4evaste autostiilidega. Integreeritud tuledega \u00fchendab see ohutuse stiiliga.<\/p>\n<div class=\"d-flex feature-wrapper mb-lg-8\">\n<ul>\n<li class=\"mb-8 feature-text-content\"><span class=\"heading4\">Raami \u00fchilduvus<\/span>\n<div class=\"small-divider mt-5 mb-4\">Sobib jalgrattaraamidele l\u00e4bim\u00f5\u00f5duga 20 mm kuni 90 mm, tagades laia valiku jalgrataste turvalise transportimise<\/div>\n<\/li>\n<\/ul>\n<\/div>\n<div class=\"d-flex feature-wrapper mb-lg-8\">\n<ul>\n<li class=\"mb-8 feature-text-content\"><span class=\"heading4\">\u00dche k\u00e4ega opereerimine<\/span>\n<div class=\"small-divider mt-5 mb-4\">Kl\u00f5pskinnitusega jalgrattahoidik h\u00f5lpsaks laadimiseks, v\u00e4hendades seadistamisaega ja vaeva<\/div>\n<\/li>\n<\/ul>\n<\/div>\n<div class=\"d-flex feature-wrapper mb-lg-8\">\n<ul>\n<li class=\"mb-8 feature-text-content\"><span class=\"heading4\">Transpordiv\u00f5imsus<\/span>\n<div class=\"small-divider mt-5 mb-4\">Lihtsalt kasutatava jalgrattaadapteri abil saab kaasa v\u00f5tta rohkem jalgrattaid<\/div>\n<\/li>\n<\/ul>\n<\/div>\n<div class=\"d-flex feature-wrapper mb-lg-8\">\n<ul>\n<li class=\"mb-8 feature-text-content\"><span class=\"heading4\">Salvestust\u00f5husus<\/span>\n<div class=\"small-divider mt-5 mb-4\">T\u00e4ielikult kokkupandav kompaktseks hoiustamiseks isegi v\u00e4ikestes ruumides<\/div>\n<\/li>\n<\/ul>\n<\/div>\n<div class=\"d-flex feature-wrapper mb-lg-8\">\n<ul>\n<li class=\"mb-8 feature-text-content\"><span class=\"heading4\">Disaini esteetika<\/span>\n<div class=\"small-divider mt-5 mb-4\">Elegantne ja moodne disain integreeritud valgustusega sobib iga s\u00f5iduki stiiliga<\/div>\n<\/li>\n<\/ul>\n<\/div>\n<div class=\"d-flex feature-wrapper mb-lg-8\">\n<ul>\n<li class=\"mb-8 feature-text-content\"><span class=\"heading4\">Jalgratta vahekaugus<\/span>\n<div class=\"small-divider mt-5 mb-4\">Suur 250 mm vahe v\u00f5imaldab m\u00e4girattaid ja suuri elektrirattaid h\u00f5lpsalt laadida<\/div>\n<\/li>\n<\/ul>\n<\/div>\n<div class=\"d-flex feature-wrapper mb-lg-8\">\n<ul>\n<li class=\"mb-8 feature-text-content\"><span class=\"heading4\">Lihtne juurdep\u00e4\u00e4s auto pakiruumile<\/span>\n<div class=\"small-divider mt-5 mb-4\">Kui jalgrattad on paigaldatud, p\u00e4\u00e4seb pakiruumi nutika pedaali abil ligi<\/div>\n<\/li>\n<\/ul>\n<\/div>\n<div class=\"d-flex feature-wrapper mb-lg-8\">\n<ul>\n<li class=\"mb-8 feature-text-content\"><span class=\"heading4\">Kiire paigaldus<\/span>\n<div class=\"small-divider mt-5 mb-4\">Jalgrattahoidiku lihtne ja kiire paigaldamine ja reguleerimine haakekonksule enne pingutusk\u00e4epideme sulgemist t\u00e4nu isestabiliseeruvale haakeseadisele<\/div>\n<\/li>\n<\/ul>\n<\/div>\n<div class=\"d-flex feature-wrapper mb-lg-8\">\n<ul>\n<li class=\"mb-8 feature-text-content\"><span class=\"heading4\">Lihtne transportida<br \/>\n<\/span><span class=\"paragraph\" data-original=\"Ergonomic transport of the bike rack thanks to the integrated carrying handles\" data-withplaceholders=\"\">Jalgrattahoidiku ergonoomiline transport t\u00e4nu integreeritud kandek\u00e4epidemetele<\/span><\/li>\n<\/ul>\n<\/div>\n<div class=\"d-flex feature-wrapper mb-lg-8\">\n<ul>\n<li class=\"mb-8 feature-text-content\"><span class=\"heading4\">Rattaaluse innovatsioon<br \/>\n<\/span><span class=\"paragraph\" data-original=\"New wheel tray design with integrated lighting enhances visibility and safety\" data-withplaceholders=\"\">Uus rattaaluse disain koos integreeritud valgustusega parandab n\u00e4htavust ja ohutust<\/span><\/li>\n<\/ul>\n<\/div>\n<div class=\"d-flex feature-wrapper mb-lg-8\">\n<ul>\n<li class=\"mb-8 feature-text-content\"><span class=\"heading4\">Kohanduvus<br \/>\n<\/span><span class=\"paragraph\" data-original=\"Foldable +1 bike adapter simplifies storage solutions without sacrificing capacity\" data-withplaceholders=\"\">Kokkupandav +1 jalgratta adapter lihtsustab hoiulahendusi ilma mahutavust ohverdamata<\/span><\/li>\n<\/ul>\n<\/div>\n<div class=\"d-flex feature-wrapper mb-lg-8\">\n<ul>\n<li class=\"mb-8 feature-text-content\"><span class=\"heading4\">Jalgratta kaitse<br \/>\n<\/span><span class=\"paragraph\" data-original=\"Swivelling head with padding protects your bike during transport\" data-withplaceholders=\"\">Polstriga p\u00f6\u00f6rlev pea kaitseb teie jalgratast transportimise ajal<\/span><\/li>\n<\/ul>\n<\/div>\n<div class=\"d-flex feature-wrapper mb-lg-8\">\n<ul>\n<li class=\"mb-8 feature-text-content\"><span class=\"heading4\">T\u00e4iustatud sobivus jalgrattale<br \/>\n<\/span><span class=\"paragraph\" data-original=\"Steel-reinforced strap ensures a secure fit for a wide range of bike frames\" data-withplaceholders=\"\">Terasest tugevdatud rihm tagab kindla sobivuse paljudele jalgrattaraamidele<\/span><\/li>\n<\/ul>\n<\/div>\n<\/div>","protected":false},"excerpt":{"rendered":"<p>Elevating your biking adventures with unparalleled ease and versatility Revolutionary design and flexibility The Thule EasyFold 3 bike carrier builds<\/p>","protected":false},"featured_media":9669,"template":"","meta":[],"product_brand":[],"product_cat":[46,17],"product_tag":[121],"class_list":["post-8069","product","type-product","status-publish","has-post-thumbnail","product_cat-bike-racks","product_cat-racks-for-equipment","product_tag-bike-racks","first","instock","taxable","shipping-taxable","purchasable","product-type-simple"],"jetpack_sharing_enabled":true,"_links":{"self":[{"href":"https:\/\/trailo.ee\/et\/wp-json\/wp\/v2\/product\/8069","targetHints":{"allow":["GET"]}}],"collection":[{"href":"https:\/\/trailo.ee\/et\/wp-json\/wp\/v2\/product"}],"about":[{"href":"https:\/\/trailo.ee\/et\/wp-json\/wp\/v2\/types\/product"}],"wp:featuredmedia":[{"embeddable":true,"href":"https:\/\/trailo.ee\/et\/wp-json\/wp\/v2\/media\/9669"}],"wp:attachment":[{"href":"https:\/\/trailo.ee\/et\/wp-json\/wp\/v2\/media?parent=8069"}],"wp:term":[{"taxonomy":"product_brand","embeddable":true,"href":"https:\/\/trailo.ee\/et\/wp-json\/wp\/v2\/product_brand?post=8069"},{"taxonomy":"product_cat","embeddable":true,"href":"https:\/\/trailo.ee\/et\/wp-json\/wp\/v2\/product_cat?post=8069"},{"taxonomy":"product_tag","embeddable":true,"href":"https:\/\/trailo.ee\/et\/wp-json\/wp\/v2\/product_tag?post=8069"}],"curies":[{"name":"t\u00f6\u00f6leht","href":"https:\/\/api.w.org\/{rel}","templated":true}]}}

<h2 class="heading3">Vii oma jalgrattaseiklused uuele tasemele enneolematu kerguse ja mitmekülgsusega</h2>
<div class="mb-6">
<h5 class="heading5 text-color--black mb-4">Revolutsiooniline disain ja paindlikkus</h5>
<p class="paragraph text-color--gray80">Thule EasyFold 3 jalgrattahoidik tugineb meie pärandile uue platvormiga, pakkudes suuremat paindlikkust, et mahutada laiemat valikut jalgrattaid, sealhulgas elektrirattaid. Selle uuenduslik jalgrattahoidik rihma ja pöörleva peaga tagab kindla kinnituse 20 mm kuni 90 mm raamidele, muutes selle sobivaks kõigele alates lastejalgratastest kuni raskete mägijalgratasteni.</p>
</div>
<div class="mb-6">
<h5 class="heading5 text-color--black mb-4">Võrratu kasutusmugavus</h5>
<p class="paragraph text-color--gray80">Tänu intuitiivsele klõpsuga kinnitatavale jalgrattahoidikule võimaldab Thule EasyFold 3 jalgrataste laadimist ja mahalaadimist vaevata ühe käega kasutada, lihtsustades sellega nende hoiustamist ja transportimist. Täielikult kokkupandav disain tagab hõlpsa hoiustamise ja transportimise, mis sobib nii aktiivsete perede kui ka innukate jalgratturite vajadustega.</p>
</div>
<div class="mb-6">
<h5 class="heading5 text-color--black mb-4">Suurem võimekus perega seiklusteks</h5>
<p class="paragraph text-color--gray80">Thule EasyFold 3, mida saab täiendava jalgrattaadapteri abil muuta kahe jalgratta hoidikust kolme jalgratta hoidikuks, on perede parim valik. Selle suur vahe ja teljevahe mahutavad isegi suuremaid jalgrattaid ja elektrijalgrattaid, tagades, et saate kaasa võtta jalgrattaid kogu perele või oma rattameeskonnale.</p>
</div>
<div class="mb-6">
<h5 class="heading5 text-color--black mb-4">Stiilne ja vastupidav konstruktsioon</h5>
<p class="paragraph text-color--gray80">Thule EasyFold 3 mitte ainult ei vasta erinevate jalgratturite funktsionaalsetele vajadustele, vaid on ka esteetiliselt meeldiv oma moodsa disainiga, mis sobib tänapäevaste autostiilidega. Integreeritud tuledega ühendab see ohutuse stiiliga.</p>
<div class="d-flex feature-wrapper mb-lg-8">
<ul>
<li class="mb-8 feature-text-content"><span class="heading4">Raami ühilduvus</span>
<div class="small-divider mt-5 mb-4">Sobib jalgrattaraamidele läbimõõduga 20 mm kuni 90 mm, tagades laia valiku jalgrataste turvalise transportimise</div>
</li>
</ul>
</div>
<div class="d-flex feature-wrapper mb-lg-8">
<ul>
<li class="mb-8 feature-text-content"><span class="heading4">Ühe käega opereerimine</span>
<div class="small-divider mt-5 mb-4">Klõpskinnitusega jalgrattahoidik hõlpsaks laadimiseks, vähendades seadistamisaega ja vaeva</div>
</li>
</ul>
</div>
<div class="d-flex feature-wrapper mb-lg-8">
<ul>
<li class="mb-8 feature-text-content"><span class="heading4">Transpordivõimsus</span>
<div class="small-divider mt-5 mb-4">Lihtsalt kasutatava jalgrattaadapteri abil saab kaasa võtta rohkem jalgrattaid</div>
</li>
</ul>
</div>
<div class="d-flex feature-wrapper mb-lg-8">
<ul>
<li class="mb-8 feature-text-content"><span class="heading4">Salvestustõhusus</span>
<div class="small-divider mt-5 mb-4">Täielikult kokkupandav kompaktseks hoiustamiseks isegi väikestes ruumides</div>
</li>
</ul>
</div>
<div class="d-flex feature-wrapper mb-lg-8">
<ul>
<li class="mb-8 feature-text-content"><span class="heading4">Disaini esteetika</span>
<div class="small-divider mt-5 mb-4">Elegantne ja moodne disain integreeritud valgustusega sobib iga sõiduki stiiliga</div>
</li>
</ul>
</div>
<div class="d-flex feature-wrapper mb-lg-8">
<ul>
<li class="mb-8 feature-text-content"><span class="heading4">Jalgratta vahekaugus</span>
<div class="small-divider mt-5 mb-4">Suur 250 mm vahe võimaldab mägirattaid ja suuri elektrirattaid hõlpsalt laadida</div>
</li>
</ul>
</div>
<div class="d-flex feature-wrapper mb-lg-8">
<ul>
<li class="mb-8 feature-text-content"><span class="heading4">Lihtne juurdepääs auto pakiruumile</span>
<div class="small-divider mt-5 mb-4">Kui jalgrattad on paigaldatud, pääseb pakiruumi nutika pedaali abil ligi</div>
</li>
</ul>
</div>
<div class="d-flex feature-wrapper mb-lg-8">
<ul>
<li class="mb-8 feature-text-content"><span class="heading4">Kiire paigaldus</span>
<div class="small-divider mt-5 mb-4">Jalgrattahoidiku lihtne ja kiire paigaldamine ja reguleerimine haakekonksule enne pingutuskäepideme sulgemist tänu isestabiliseeruvale haakeseadisele</div>
</li>
</ul>
</div>
<div class="d-flex feature-wrapper mb-lg-8">
<ul>
<li class="mb-8 feature-text-content"><span class="heading4">Lihtne transportida<br />
</span><span class="paragraph" data-original="Ergonomic transport of the bike rack thanks to the integrated carrying handles" data-withplaceholders="">Jalgrattahoidiku ergonoomiline transport tänu integreeritud kandekäepidemetele</span></li>
</ul>
</div>
<div class="d-flex feature-wrapper mb-lg-8">
<ul>
<li class="mb-8 feature-text-content"><span class="heading4">Rattaaluse innovatsioon<br />
</span><span class="paragraph" data-original="New wheel tray design with integrated lighting enhances visibility and safety" data-withplaceholders="">Uus rattaaluse disain koos integreeritud valgustusega parandab nähtavust ja ohutust</span></li>
</ul>
</div>
<div class="d-flex feature-wrapper mb-lg-8">
<ul>
<li class="mb-8 feature-text-content"><span class="heading4">Kohanduvus<br />
</span><span class="paragraph" data-original="Foldable +1 bike adapter simplifies storage solutions without sacrificing capacity" data-withplaceholders="">Kokkupandav +1 jalgratta adapter lihtsustab hoiulahendusi ilma mahutavust ohverdamata</span></li>
</ul>
</div>
<div class="d-flex feature-wrapper mb-lg-8">
<ul>
<li class="mb-8 feature-text-content"><span class="heading4">Jalgratta kaitse<br />
</span><span class="paragraph" data-original="Swivelling head with padding protects your bike during transport" data-withplaceholders="">Polstriga pöörlev pea kaitseb teie jalgratast transportimise ajal</span></li>
</ul>
</div>
<div class="d-flex feature-wrapper mb-lg-8">
<ul>
<li class="mb-8 feature-text-content"><span class="heading4">Täiustatud sobivus jalgrattale<br />
</span><span class="paragraph" data-original="Steel-reinforced strap ensures a secure fit for a wide range of bike frames" data-withplaceholders="">Terasest tugevdatud rihm tagab kindla sobivuse paljudele jalgrattaraamidele</span></li>
</ul>
</div>
</div>

tööleht
