{"id":7970,"date":"2026-02-17T05:09:09","date_gmt":"2026-02-17T05:09:09","guid":{"rendered":"https:\/\/trailo.ee\/product\/accent-recycled-convertible-black\/"},"modified":"2026-05-14T09:37:35","modified_gmt":"2026-05-14T09:37:35","slug":"accent-recycled-convertible-black","status":"publish","type":"product","link":"https:\/\/trailo.ee\/et\/toode\/accent-recycled-convertible-black\/","title":{"rendered":"Accent Taaskasutatud kandekott (17L), must"},"content":{"rendered":"<ul>\n<li>Spetsiaalsed taskud kaitsevad 16-tollist arvutit v\u00f5i 16-tollist MacBook\u00ae-i ja 10,5-tollist tahvelarvutit<\/li>\n<li>Peidetud sisemine tasku kaitseb telefoni, p\u00e4ikeseprille v\u00f5i muid v\u00e4\u00e4risv\u00e4\u00e4rtusi<\/li>\n<li>Muutke kott h\u00f5lpsalt portfellist seljakotiks mitmek\u00fclgsete kandmisv\u00f5imaluste saamiseks<\/li>\n<li>Panipaik telefoni, pliiatsi ja visiitkaardi kiireks kasutamiseks<\/li>\n<li>Mitu sisemist organiseerimistaskut portfelli v\u00f5i seljakoti sisu kaitsmiseks<\/li>\n<li>Kandke mugavalt portfellire\u017eiimis eemaldatava polsterdatud \u00f5larihma abil<\/li>\n<li>Koti v\u00e4limust saab sujuvamaks muuta, pannes \u00f5larihmad \u00e4ra, kui neid ei kasutata<\/li>\n<li>L\u00e4bilaskev paneel v\u00f5imaldab koti rataspagasi k\u00fclge kinnitada, et reisimine oleks lihtsam.<\/li>\n<li>Valmistatud 100% taaskasutatud 1680 pol\u00fcestermaterjalist YKK lukkudega<\/li>\n<\/ul>","protected":false},"excerpt":{"rendered":"<p>Keskkonnas\u00f5bralik 2-\u00fches portfell, mis muudetakse seljakotiks, et \u00e4rireisid oleksid lihtsamad.<\/p>","protected":false},"featured_media":11023,"template":"","meta":[],"product_brand":[],"product_cat":[75,82,81,23,76],"product_tag":[118],"class_list":["post-7970","product","type-product","status-publish","has-post-thumbnail","product_cat-backpacks-bags","product_cat-backpacks-for-laptops","product_cat-laptop-bags","product_cat-luggage-bags","product_cat-travel-backpacks","product_tag-laptop-bags","first","instock","taxable","shipping-taxable","purchasable","product-type-simple"],"jetpack_sharing_enabled":true,"_links":{"self":[{"href":"https:\/\/trailo.ee\/et\/wp-json\/wp\/v2\/product\/7970","targetHints":{"allow":["GET"]}}],"collection":[{"href":"https:\/\/trailo.ee\/et\/wp-json\/wp\/v2\/product"}],"about":[{"href":"https:\/\/trailo.ee\/et\/wp-json\/wp\/v2\/types\/product"}],"wp:featuredmedia":[{"embeddable":true,"href":"https:\/\/trailo.ee\/et\/wp-json\/wp\/v2\/media\/11023"}],"wp:attachment":[{"href":"https:\/\/trailo.ee\/et\/wp-json\/wp\/v2\/media?parent=7970"}],"wp:term":[{"taxonomy":"product_brand","embeddable":true,"href":"https:\/\/trailo.ee\/et\/wp-json\/wp\/v2\/product_brand?post=7970"},{"taxonomy":"product_cat","embeddable":true,"href":"https:\/\/trailo.ee\/et\/wp-json\/wp\/v2\/product_cat?post=7970"},{"taxonomy":"product_tag","embeddable":true,"href":"https:\/\/trailo.ee\/et\/wp-json\/wp\/v2\/product_tag?post=7970"}],"curies":[{"name":"t\u00f6\u00f6leht","href":"https:\/\/api.w.org\/{rel}","templated":true}]}}

<ul>
<li>Spetsiaalsed taskud kaitsevad 16-tollist arvutit või 16-tollist MacBook®-i ja 10,5-tollist tahvelarvutit</li>
<li>Peidetud sisemine tasku kaitseb telefoni, päikeseprille või muid väärisväärtusi</li>
<li>Muutke kott hõlpsalt portfellist seljakotiks mitmekülgsete kandmisvõimaluste saamiseks</li>
<li>Panipaik telefoni, pliiatsi ja visiitkaardi kiireks kasutamiseks</li>
<li>Mitu sisemist organiseerimistaskut portfelli või seljakoti sisu kaitsmiseks</li>
<li>Kandke mugavalt portfellirežiimis eemaldatava polsterdatud õlarihma abil</li>
<li>Koti välimust saab sujuvamaks muuta, pannes õlarihmad ära, kui neid ei kasutata</li>
<li>Läbilaskev paneel võimaldab koti rataspagasi külge kinnitada, et reisimine oleks lihtsam.</li>
<li>Valmistatud 100% taaskasutatud 1680 polüestermaterjalist YKK lukkudega</li>
</ul>

<p>Keskkonnasõbralik 2-ühes portfell, mis muudetakse seljakotiks, et ärireisid oleksid lihtsamad.</p>

tööleht
