{"id":7969,"date":"2026-02-17T05:09:09","date_gmt":"2026-02-17T05:09:09","guid":{"rendered":"https:\/\/trailo.ee\/product\/accent-recycled-backpack-28l-black\/"},"modified":"2026-04-28T09:12:33","modified_gmt":"2026-04-28T09:12:33","slug":"accent-recycled-backpack-28l-black","status":"publish","type":"product","link":"https:\/\/trailo.ee\/et\/toode\/accent-recycled-backpack-28l-black\/","title":{"rendered":"Accent taaskasutatud seljakott (28L), must"},"content":{"rendered":"<ul>\n<li>Polsterdatud hoiuruum kaitseb kuni 17-tollist s\u00fclearvutit<\/li>\n<li>SafeZone sahtel peidetud taskuga eemaldatava k\u00f5va kestaga topsi taga kaitseb telefoni, p\u00e4ikeseprille v\u00f5i muid v\u00e4\u00e4risesemeid<\/li>\n<li>\u00dclevalt laetav sahtel v\u00f5i k\u00fclgmine t\u00f5mblukk v\u00f5imaldavad s\u00fclearvutile ja tahvelarvutile h\u00f5lpsat juurdep\u00e4\u00e4su<\/li>\n<li>Lai U-kujuline ava p\u00f5hiosa mugavaks pakkimiseks ja t\u00fchjendamiseks<\/li>\n<li>\u00dclemine tasku kiireks juurdep\u00e4\u00e4suks olulistele asjadele<\/li>\n<li>Mahukas k\u00fclgmine panipaik hoiab teie varustuse kindlalt paigal, hoides samal ajal v\u00e4ikesed esemed sisemiste taskute abil turvaliselt ja k\u00e4ep\u00e4rast.<\/li>\n<li>L\u00e4bilaskev paneel v\u00f5imaldab koti rataspagasi k\u00fclge kinnitada, et reisimine oleks lihtsam.<\/li>\n<li>K\u00fcljetasku veepudeli h\u00f5lpsaks hoiustamiseks ja k\u00f5rvalasuv lukuga tasku v\u00e4ikeste asjade turvaliseks hoidmiseks<\/li>\n<li>V\u00f5rgust m\u00e4hitud EVA \u00f5larihmad ja reguleeritav rinnarihm muudavad kandmise mugavamaks<\/li>\n<li>Valmistatud 100% taaskasutatud 1680 pol\u00fcestermaterjalist YKK lukkudega<\/li>\n<\/ul>","protected":false},"excerpt":{"rendered":"<p>Vastupidaval keskkonnas\u00f5bralikul reisiseljakotil on lai U-kujuline ava<br \/>\nmis lihtsustab varustuse pakkimist ja mahalaadimist.<\/p>","protected":false},"featured_media":11028,"template":"","meta":[],"product_brand":[],"product_cat":[75,82,81,23,76],"product_tag":[118],"class_list":["post-7969","product","type-product","status-publish","has-post-thumbnail","product_cat-backpacks-bags","product_cat-backpacks-for-laptops","product_cat-laptop-bags","product_cat-luggage-bags","product_cat-travel-backpacks","product_tag-laptop-bags","first","instock","taxable","shipping-taxable","purchasable","product-type-simple"],"jetpack_sharing_enabled":true,"_links":{"self":[{"href":"https:\/\/trailo.ee\/et\/wp-json\/wp\/v2\/product\/7969","targetHints":{"allow":["GET"]}}],"collection":[{"href":"https:\/\/trailo.ee\/et\/wp-json\/wp\/v2\/product"}],"about":[{"href":"https:\/\/trailo.ee\/et\/wp-json\/wp\/v2\/types\/product"}],"wp:featuredmedia":[{"embeddable":true,"href":"https:\/\/trailo.ee\/et\/wp-json\/wp\/v2\/media\/11028"}],"wp:attachment":[{"href":"https:\/\/trailo.ee\/et\/wp-json\/wp\/v2\/media?parent=7969"}],"wp:term":[{"taxonomy":"product_brand","embeddable":true,"href":"https:\/\/trailo.ee\/et\/wp-json\/wp\/v2\/product_brand?post=7969"},{"taxonomy":"product_cat","embeddable":true,"href":"https:\/\/trailo.ee\/et\/wp-json\/wp\/v2\/product_cat?post=7969"},{"taxonomy":"product_tag","embeddable":true,"href":"https:\/\/trailo.ee\/et\/wp-json\/wp\/v2\/product_tag?post=7969"}],"curies":[{"name":"t\u00f6\u00f6leht","href":"https:\/\/api.w.org\/{rel}","templated":true}]}}

<ul>
<li>Polsterdatud hoiuruum kaitseb kuni 17-tollist sülearvutit</li>
<li>SafeZone sahtel peidetud taskuga eemaldatava kõva kestaga topsi taga kaitseb telefoni, päikeseprille või muid väärisesemeid</li>
<li>Ülevalt laetav sahtel või külgmine tõmblukk võimaldavad sülearvutile ja tahvelarvutile hõlpsat juurdepääsu</li>
<li>Lai U-kujuline ava põhiosa mugavaks pakkimiseks ja tühjendamiseks</li>
<li>Ülemine tasku kiireks juurdepääsuks olulistele asjadele</li>
<li>Mahukas külgmine panipaik hoiab teie varustuse kindlalt paigal, hoides samal ajal väikesed esemed sisemiste taskute abil turvaliselt ja käepärast.</li>
<li>Läbilaskev paneel võimaldab koti rataspagasi külge kinnitada, et reisimine oleks lihtsam.</li>
<li>Küljetasku veepudeli hõlpsaks hoiustamiseks ja kõrvalasuv lukuga tasku väikeste asjade turvaliseks hoidmiseks</li>
<li>Võrgust mähitud EVA õlarihmad ja reguleeritav rinnarihm muudavad kandmise mugavamaks</li>
<li>Valmistatud 100% taaskasutatud 1680 polüestermaterjalist YKK lukkudega</li>
</ul>

<p>Vastupidaval keskkonnasõbralikul reisiseljakotil on lai U-kujuline ava<br />
mis lihtsustab varustuse pakkimist ja mahalaadimist.</p>

tööleht
