{"id":7941,"date":"2026-02-17T05:09:08","date_gmt":"2026-02-17T05:09:08","guid":{"rendered":"https:\/\/trailo.ee\/product\/subterra-backpack-25l-dark-shadow\/"},"modified":"2026-05-14T13:02:05","modified_gmt":"2026-05-14T13:02:05","slug":"subterra-backpack-25l-dark-shadow","status":"publish","type":"product","link":"https:\/\/trailo.ee\/et\/toode\/subterra-backpack-25l-dark-shadow\/","title":{"rendered":"Subterra seljakott (25L), tume vari"},"content":{"rendered":"<ul>\n<li>Kaitseb teie s\u00fclearvutit kuni 16-tollise l\u00e4bim\u00f5\u00f5duga SafeEdge-konstruktsiooniga polsterdatud s\u00fclearvutitaskus.<\/li>\n<li>Suurep\u00e4rane kaitse p\u00f5rkeraua eest t\u00e4nu s\u00fclearvuti sahtlis olevale SafeEdge konstruktsioonile<\/li>\n<li>Kaitsev tahvelarvutitasku pehme sisevoodriga<\/li>\n<li>Kahesuunaline juurdep\u00e4\u00e4s s\u00fclearvutile ja tahvelarvutile \u00fclevalt avatava sahtli v\u00f5i k\u00fclgmise lukuga<\/li>\n<li>Eemaldatav SafeZone sahtel kaitseb p\u00e4ikeseprille, nutitelefoni v\u00f5i muid \u00f5rnu esemeid<\/li>\n<li>Reisikoti stiilis t\u00f5mblukk avab peamise sahtli laiaks, et h\u00f5lbustada pakkimist ja tagada t\u00e4ielik n\u00e4htavus<\/li>\n<li>Kiire ligip\u00e4\u00e4suga esitasku laieneb, et mahutada suuri esemeid, n\u00e4iteks U-lukku v\u00f5i s\u00fclearvuti toiteplokki<\/li>\n<li>Peidetud vertikaalne tasku sobib sageli kasutatavate keskmise suurusega esemete, n\u00e4iteks k\u00f5rvaklappide, m\u00fctsi v\u00f5i kinnaste hoidmiseks<\/li>\n<li>Klipsiga organiseerimistasku ligip\u00e4\u00e4sukaardi v\u00f5i v\u00f5tmete jaoks<\/li>\n<li>Integreeritud ketiga kinnituss\u00fcsteem karabiini v\u00f5i jalgrattatule jaoks<\/li>\n<li>Sisemine lukuga v\u00f5rgust tasku hoiab v\u00e4ikesed esemed n\u00e4htaval, kuid turvaliselt<\/li>\n<\/ul>","protected":false},"excerpt":{"rendered":"<p>Commuter-inspired backpack with expandable, quick-access compartments and dedicated protection for a 15&#8243; MacBook\u00ae plus iPad\u00ae\/10.1&#8243; tablet.<\/p>","protected":false},"featured_media":11179,"template":"","meta":[],"product_brand":[],"product_cat":[75,82,81,23],"product_tag":[118],"class_list":["post-7941","product","type-product","status-publish","has-post-thumbnail","product_cat-backpacks-bags","product_cat-backpacks-for-laptops","product_cat-laptop-bags","product_cat-luggage-bags","product_tag-laptop-bags","first","instock","taxable","shipping-taxable","purchasable","product-type-simple"],"jetpack_sharing_enabled":true,"_links":{"self":[{"href":"https:\/\/trailo.ee\/et\/wp-json\/wp\/v2\/product\/7941","targetHints":{"allow":["GET"]}}],"collection":[{"href":"https:\/\/trailo.ee\/et\/wp-json\/wp\/v2\/product"}],"about":[{"href":"https:\/\/trailo.ee\/et\/wp-json\/wp\/v2\/types\/product"}],"wp:featuredmedia":[{"embeddable":true,"href":"https:\/\/trailo.ee\/et\/wp-json\/wp\/v2\/media\/11179"}],"wp:attachment":[{"href":"https:\/\/trailo.ee\/et\/wp-json\/wp\/v2\/media?parent=7941"}],"wp:term":[{"taxonomy":"product_brand","embeddable":true,"href":"https:\/\/trailo.ee\/et\/wp-json\/wp\/v2\/product_brand?post=7941"},{"taxonomy":"product_cat","embeddable":true,"href":"https:\/\/trailo.ee\/et\/wp-json\/wp\/v2\/product_cat?post=7941"},{"taxonomy":"product_tag","embeddable":true,"href":"https:\/\/trailo.ee\/et\/wp-json\/wp\/v2\/product_tag?post=7941"}],"curies":[{"name":"t\u00f6\u00f6leht","href":"https:\/\/api.w.org\/{rel}","templated":true}]}}

<ul>
<li>Kaitseb teie sülearvutit kuni 16-tollise läbimõõduga SafeEdge-konstruktsiooniga polsterdatud sülearvutitaskus.</li>
<li>Suurepärane kaitse põrkeraua eest tänu sülearvuti sahtlis olevale SafeEdge konstruktsioonile</li>
<li>Kaitsev tahvelarvutitasku pehme sisevoodriga</li>
<li>Kahesuunaline juurdepääs sülearvutile ja tahvelarvutile ülevalt avatava sahtli või külgmise lukuga</li>
<li>Eemaldatav SafeZone sahtel kaitseb päikeseprille, nutitelefoni või muid õrnu esemeid</li>
<li>Reisikoti stiilis tõmblukk avab peamise sahtli laiaks, et hõlbustada pakkimist ja tagada täielik nähtavus</li>
<li>Kiire ligipääsuga esitasku laieneb, et mahutada suuri esemeid, näiteks U-lukku või sülearvuti toiteplokki</li>
<li>Peidetud vertikaalne tasku sobib sageli kasutatavate keskmise suurusega esemete, näiteks kõrvaklappide, mütsi või kinnaste hoidmiseks</li>
<li>Klipsiga organiseerimistasku ligipääsukaardi või võtmete jaoks</li>
<li>Integreeritud ketiga kinnitussüsteem karabiini või jalgrattatule jaoks</li>
<li>Sisemine lukuga võrgust tasku hoiab väikesed esemed nähtaval, kuid turvaliselt</li>
</ul>

tööleht
