{"id":7890,"date":"2026-02-17T05:09:05","date_gmt":"2026-02-17T05:09:05","guid":{"rendered":"https:\/\/trailo.ee\/product\/compression-cube-set-pond-pond-grey\/"},"modified":"2026-04-27T08:48:32","modified_gmt":"2026-04-27T08:48:32","slug":"compression-cube-set-pond-pond-grey","status":"publish","type":"product","link":"https:\/\/trailo.ee\/et\/toode\/compression-cube-set-pond-pond-grey\/","title":{"rendered":"Kompressioonkuubikute komplekt, tiigihall"},"content":{"rendered":"<ul>\n<li>Komplektis on \u00fcks v\u00e4ike ja \u00fcks keskmine Thule'i kompressioonpakkimiskott.<\/li>\n<li>Vastupidav tihenduslukk eemaldab riiete vahelt liigse \u00f5hu, et pakkimisruumi maksimeerida<\/li>\n<li>Pooll\u00e4bipaistev kangas, et n\u00e4ha sisu, hoides samal ajal asjad diskreetsena<\/li>\n<li>Komplekti suurus sobib ideaalselt enamiku k\u00e4sipagasi jaoks, j\u00e4ttes ruumi ka muude asjade jaoks<\/li>\n<li>V\u00e4ike suurus sobib ideaalselt sokkide, aluspesu ja s\u00e4rkide jaoks, keskmine suurus aga teksade, retuuside ja s\u00e4rkide jaoks.<\/li>\n<li>Vastupidav, bluesign\u00ae-sertifikaadiga 100D rebenemiskindel nailonmaterjal, mis minimeerib keskkonnam\u00f5ju, on vetth\u00fclgav ja peab vastu aastaid.<\/li>\n<li>V\u00f5rkk\u00e4epide v\u00f5imaldab teil kuubikut reisimise ajal h\u00f5lpsalt haarata ja riputada<\/li>\n<li>Valmistatud esmaklassiliste YKK t\u00f5mblukudega lisakindluse tagamiseks<\/li>\n<\/ul>\n<p>Toote m\u00f5\u00f5tmed:<\/p>\n<ul>\n<li>Thule v\u00e4ike kompressioonpakkimiskuubik \u2013 laiendatult: 10,2 x 7,1 x 4,3 tolli \/ 26 x 18 x 11 cm; kokkusurutult: 10,0 x 7,0 x 1,25 tolli \/ 25 x 18 x 3 cm<\/li>\n<li>Thule keskmine kompressioonpakkimiskuubik \u2013 laiendatult: 14,0 x 10,0 x 5,9 tolli \/ 36 x 25 x 15 cm; kokkusurutult: 13,4 x 9,1 x 1,25 tolli \/ 34 x 23 x 3 cm<\/li>\n<\/ul>","protected":false},"excerpt":{"rendered":"<p>See vastupidavate, v\u00e4ikeste ja keskmise suurusega pakkimiskuubikute komplekt aitab maksimeerida<br \/>\npakkimisruumi ja hoiab teid organiseerituna.<\/p>","protected":false},"featured_media":11217,"template":"","meta":[],"product_brand":[],"product_cat":[23,70,74],"product_tag":[132],"class_list":["post-7890","product","type-product","status-publish","has-post-thumbnail","product_cat-luggage-bags","product_cat-suitcases-travel-bags","product_cat-travel-organizers","product_tag-other","first","instock","taxable","shipping-taxable","purchasable","product-type-simple"],"jetpack_sharing_enabled":true,"_links":{"self":[{"href":"https:\/\/trailo.ee\/et\/wp-json\/wp\/v2\/product\/7890","targetHints":{"allow":["GET"]}}],"collection":[{"href":"https:\/\/trailo.ee\/et\/wp-json\/wp\/v2\/product"}],"about":[{"href":"https:\/\/trailo.ee\/et\/wp-json\/wp\/v2\/types\/product"}],"wp:featuredmedia":[{"embeddable":true,"href":"https:\/\/trailo.ee\/et\/wp-json\/wp\/v2\/media\/11217"}],"wp:attachment":[{"href":"https:\/\/trailo.ee\/et\/wp-json\/wp\/v2\/media?parent=7890"}],"wp:term":[{"taxonomy":"product_brand","embeddable":true,"href":"https:\/\/trailo.ee\/et\/wp-json\/wp\/v2\/product_brand?post=7890"},{"taxonomy":"product_cat","embeddable":true,"href":"https:\/\/trailo.ee\/et\/wp-json\/wp\/v2\/product_cat?post=7890"},{"taxonomy":"product_tag","embeddable":true,"href":"https:\/\/trailo.ee\/et\/wp-json\/wp\/v2\/product_tag?post=7890"}],"curies":[{"name":"t\u00f6\u00f6leht","href":"https:\/\/api.w.org\/{rel}","templated":true}]}}

<ul>
<li>Komplektis on üks väike ja üks keskmine Thule'i kompressioonpakkimiskott.</li>
<li>Vastupidav tihenduslukk eemaldab riiete vahelt liigse õhu, et pakkimisruumi maksimeerida</li>
<li>Poolläbipaistev kangas, et näha sisu, hoides samal ajal asjad diskreetsena</li>
<li>Komplekti suurus sobib ideaalselt enamiku käsipagasi jaoks, jättes ruumi ka muude asjade jaoks</li>
<li>Väike suurus sobib ideaalselt sokkide, aluspesu ja särkide jaoks, keskmine suurus aga teksade, retuuside ja särkide jaoks.</li>
<li>Vastupidav, bluesign®-sertifikaadiga 100D rebenemiskindel nailonmaterjal, mis minimeerib keskkonnamõju, on vetthülgav ja peab vastu aastaid.</li>
<li>Võrkkäepide võimaldab teil kuubikut reisimise ajal hõlpsalt haarata ja riputada</li>
<li>Valmistatud esmaklassiliste YKK tõmblukudega lisakindluse tagamiseks</li>
</ul>
<p>Toote mõõtmed:</p>
<ul>
<li>Thule väike kompressioonpakkimiskuubik – laiendatult: 10,2 x 7,1 x 4,3 tolli / 26 x 18 x 11 cm; kokkusurutult: 10,0 x 7,0 x 1,25 tolli / 25 x 18 x 3 cm</li>
<li>Thule keskmine kompressioonpakkimiskuubik – laiendatult: 14,0 x 10,0 x 5,9 tolli / 36 x 25 x 15 cm; kokkusurutult: 13,4 x 9,1 x 1,25 tolli / 34 x 23 x 3 cm</li>
</ul>

<p>See vastupidavate, väikeste ja keskmise suurusega pakkimiskuubikute komplekt aitab maksimeerida<br />
pakkimisruumi ja hoiab teid organiseerituna.</p>

tööleht
