{"id":7870,"date":"2026-02-17T05:09:03","date_gmt":"2026-02-17T05:09:03","guid":{"rendered":"https:\/\/trailo.ee\/product\/subterra-2-sling-bag-black\/"},"modified":"2026-05-14T19:00:47","modified_gmt":"2026-05-14T19:00:47","slug":"subterra-2-sling-bag-black","status":"publish","type":"product","link":"https:\/\/trailo.ee\/et\/toode\/subterra-2-sling-bag-black\/","title":{"rendered":"Subterra 2 \u00f5lakott, must"},"content":{"rendered":"<h2 class=\"heading3\">Elegantne, mitmek\u00fclgne ja loodud t\u00e4nap\u00e4evasele reisijale<\/h2>\n<div class=\"mb-6\">\n<h5 class=\"heading5 text-color--black mb-4\">Kohandatavad, modulaarsed omadused<\/h5>\n<p class=\"paragraph text-color--gray80\">Thule Subterra \u00f5lakott korraldab teie k\u00f5ige olulisemad asjad ning sobib ideaalselt igap\u00e4evaseks kaaslaseks v\u00f5i abiliseks seiklustel. Kasutage \u00f5lakotti \u00fcksi k\u00f5ige olulisemate asjade kaasaskandmiseks v\u00f5i kombineerige seda reisidel seljakotiga, et saaksite oma k\u00f5ige olulisematele asjadele kiiresti ligi p\u00e4\u00e4seda. Kokkupandav rihm v\u00f5imaldab teil \u00f5lakotti lihtsustada ja kasutada seda pakkimiskuubikuna suuremas kotis. S\u00f5ltuvalt teie stiilist kandke seda \u00f5lakottina v\u00f5i puusakotina.<\/p>\n<\/div>\n<div class=\"mb-6\">\n<h5 class=\"heading5 text-color--black mb-4\">Ikooniline disain ja bluesign\u00ae sertifitseeritud materjalid<\/h5>\n<p class=\"paragraph text-color--gray80\">Ikooniline Thule Subterra kangas ja julgelt lihtne esteetika muudavad selle ideaalseks t\u00e4nap\u00e4evasele reisijale. See kott on bluesign\u00ae sertifikaadiga, mis vastab rangetele tootmiskriteeriumidele, mis tagavad t\u00f6\u00f6tajate, tarbijate ja keskkonna kaitse.<\/p>\n<ul>\n<li>Mitmed kasutusviisid \u2013 Kokkupandav rihm v\u00f5imaldab \u00f5lakotti mugavalt \u00f5lal kanda nii ristiasendis kui ka suurema koti sees pakkimiskuubikuks muuta.<\/li>\n<li>L\u00e4bim\u00f5eldud sisemine korraldus \u2013 peamises lukuga sahtlis on vastupidavad Nylexist polsterdatud taskud oluliste asjade korrastamiseks ja kaitsmiseks, integreeritud v\u00f5tmerihm ja PowerPocket laadimiseks liikvel olles<\/li>\n<li>Hoidke olulised esemed turvaliselt \u2013 tagapaneeli turvatasku hoiab olulised esemed, n\u00e4iteks passi v\u00f5i rahakoti, teie keha eest kaitstult.<\/li>\n<li>Bluesign\u00ae sertifikaadiga toode \u2013 bluesign\u00ae on range rahvusvaheline kriteerium, mis tagab t\u00f6\u00f6tajate, tarbijate ja keskkonna kaitse.<\/li>\n<li>Kvaliteetne konstruktsioon \u2013 vastupidav konstruktsioon t\u00e4nu YKK t\u00f5mblukkudele ja 800D nailonile, millel on veekindel viimistlus ja mis ei sisalda PFC-sid ehk keskkonnale kahjulikke kemikaale.<\/li>\n<\/ul>\n<\/div>","protected":false},"excerpt":{"rendered":"<p>Thule Subterra 2 Sling on kohandatav kott, mida saab kasutada nii eraldiseisvalt oluliste asjade kaasaskandmiseks, reisidel teiste kottidega kombineerituna kui ka pakkimiskuubikuna suurema koti sees.<\/p>","protected":false},"featured_media":11463,"template":"","meta":[],"product_brand":[],"product_cat":[23,80],"product_tag":[131,130],"class_list":["post-7870","product","type-product","status-publish","has-post-thumbnail","product_cat-luggage-bags","product_cat-handbags-shoulder-bags-crossbody-bags","product_tag-slings-and-crossbodies","product_tag-totes","first","instock","taxable","shipping-taxable","purchasable","product-type-simple"],"jetpack_sharing_enabled":true,"_links":{"self":[{"href":"https:\/\/trailo.ee\/et\/wp-json\/wp\/v2\/product\/7870","targetHints":{"allow":["GET"]}}],"collection":[{"href":"https:\/\/trailo.ee\/et\/wp-json\/wp\/v2\/product"}],"about":[{"href":"https:\/\/trailo.ee\/et\/wp-json\/wp\/v2\/types\/product"}],"wp:featuredmedia":[{"embeddable":true,"href":"https:\/\/trailo.ee\/et\/wp-json\/wp\/v2\/media\/11463"}],"wp:attachment":[{"href":"https:\/\/trailo.ee\/et\/wp-json\/wp\/v2\/media?parent=7870"}],"wp:term":[{"taxonomy":"product_brand","embeddable":true,"href":"https:\/\/trailo.ee\/et\/wp-json\/wp\/v2\/product_brand?post=7870"},{"taxonomy":"product_cat","embeddable":true,"href":"https:\/\/trailo.ee\/et\/wp-json\/wp\/v2\/product_cat?post=7870"},{"taxonomy":"product_tag","embeddable":true,"href":"https:\/\/trailo.ee\/et\/wp-json\/wp\/v2\/product_tag?post=7870"}],"curies":[{"name":"t\u00f6\u00f6leht","href":"https:\/\/api.w.org\/{rel}","templated":true}]}}

Subterra 2 õlakott, must

<h2 class="heading3">Elegantne, mitmekülgne ja loodud tänapäevasele reisijale</h2>
<div class="mb-6">
<h5 class="heading5 text-color--black mb-4">Kohandatavad, modulaarsed omadused</h5>
<p class="paragraph text-color--gray80">Thule Subterra õlakott korraldab teie kõige olulisemad asjad ning sobib ideaalselt igapäevaseks kaaslaseks või abiliseks seiklustel. Kasutage õlakotti üksi kõige olulisemate asjade kaasaskandmiseks või kombineerige seda reisidel seljakotiga, et saaksite oma kõige olulisematele asjadele kiiresti ligi pääseda. Kokkupandav rihm võimaldab teil õlakotti lihtsustada ja kasutada seda pakkimiskuubikuna suuremas kotis. Sõltuvalt teie stiilist kandke seda õlakottina või puusakotina.</p>
</div>
<div class="mb-6">
<h5 class="heading5 text-color--black mb-4">Ikooniline disain ja bluesign® sertifitseeritud materjalid</h5>
<p class="paragraph text-color--gray80">Ikooniline Thule Subterra kangas ja julgelt lihtne esteetika muudavad selle ideaalseks tänapäevasele reisijale. See kott on bluesign® sertifikaadiga, mis vastab rangetele tootmiskriteeriumidele, mis tagavad töötajate, tarbijate ja keskkonna kaitse.</p>
<ul>
<li>Mitmed kasutusviisid – Kokkupandav rihm võimaldab õlakotti mugavalt õlal kanda nii ristiasendis kui ka suurema koti sees pakkimiskuubikuks muuta.</li>
<li>Läbimõeldud sisemine korraldus – peamises lukuga sahtlis on vastupidavad Nylexist polsterdatud taskud oluliste asjade korrastamiseks ja kaitsmiseks, integreeritud võtmerihm ja PowerPocket laadimiseks liikvel olles</li>
<li>Hoidke olulised esemed turvaliselt – tagapaneeli turvatasku hoiab olulised esemed, näiteks passi või rahakoti, teie keha eest kaitstult.</li>
<li>Bluesign® sertifikaadiga toode – bluesign® on range rahvusvaheline kriteerium, mis tagab töötajate, tarbijate ja keskkonna kaitse.</li>
<li>Kvaliteetne konstruktsioon – vastupidav konstruktsioon tänu YKK tõmblukkudele ja 800D nailonile, millel on veekindel viimistlus ja mis ei sisalda PFC-sid ehk keskkonnale kahjulikke kemikaale.</li>
</ul>
</div>

tööleht
