{"id":7858,"date":"2026-02-17T05:09:03","date_gmt":"2026-02-17T05:09:03","guid":{"rendered":"https:\/\/trailo.ee\/product\/subterra-2-travel-backpack-black\/"},"modified":"2026-05-14T18:50:02","modified_gmt":"2026-05-14T18:50:02","slug":"subterra-2-travel-backpack-black","status":"publish","type":"product","link":"https:\/\/trailo.ee\/et\/toode\/subterra-2-travel-backpack-black\/","title":{"rendered":"Subterra 2 reisiseljakott (26L), must"},"content":{"rendered":"<h2 class=\"heading3\">Elegantne, mitmek\u00fclgne ja loodud t\u00e4nap\u00e4evasele reisijale<\/h2>\n<div class=\"mb-6\">\n<h5 class=\"heading5 text-color--black mb-4\">Mitmek\u00fclgne ja kohandatav disain<\/h5>\n<p class=\"paragraph text-color--gray80\">Koti maht suureneb 26 liitrilt 32 liitrini, mis sobib ideaalselt k\u00f5ige vajaliku pakkimiseks kiireks linnareisiks v\u00f5i n\u00e4dalavahetuse v\u00e4ljas\u00f5iduks. Eemaldatavat pakkimiskuubikut saab kasutada pakkimisruumi maksimeerimiseks v\u00f5i l\u00fchemate v\u00e4ljas\u00f5itude jaoks eemaldada.<\/p>\n<\/div>\n<div class=\"mb-6\">\n<h5 class=\"heading5 text-color--black mb-4\">Ikooniline disain ja bluesign\u00ae sertifitseeritud materjalid<\/h5>\n<p class=\"paragraph text-color--gray80\">Ikooniline Thule Subterra kangas ja julgelt lihtne esteetika muudavad selle ideaalseks t\u00e4nap\u00e4evasele reisijale. See kott on bluesign\u00ae sertifikaadiga, mis vastab rangetele tootmiskriteeriumidele, mis tagavad t\u00f6\u00f6tajate, tarbijate ja keskkonna kaitse.<\/p>\n<ul>\n<li>Polsterdatud s\u00fclearvuti- ja tahvelarvutitaskud \u2013 polsterdatud s\u00fclearvutitasku sobib 16-tollisele s\u00fclearvutile ja polsterdatud tahvelarvutitasku kaitseb 10,9-tollist tahvelarvutit.<\/li>\n<li>Laiendatav p\u00e4evakotist reisikotiks \u2013 26-liitrisest p\u00e4evakotist saab laiendada 32-liitriseks reisiseljakotiks, et pakkuda rohkem pakkimisruumi.<\/li>\n<li>Korralda k\u00f5ik oma olulised asjad \u2013 sisemine organiseerimispaneel hoiab pliiatsid, juhtmed, v\u00f5tmed ja muud olulised asjad korrastatult ja turvaliselt<\/li>\n<li>Eemaldatav pakkimiskuup maksimeerib ruumi \u2013 Eemaldatav pakkimiskuup aitab esemeid kokku suruda, et pakkimisruumi maksimeerida, ja selle saab eemaldada, kui seda pole vaja<\/li>\n<li>Kinnitage ratastel pagasile \u2013 pagasi l\u00e4bilaskerihm v\u00f5imaldab teil koti ratastel pagasile kinnitada, et reisimine oleks vaevatu.<\/li>\n<li>Suured k\u00fclgmised veepudelitaskud \u2013 hoidke veepudelit v\u00f5i vihmavarju suures k\u00fclgmises veepudelitaskus<\/li>\n<li>Hoidke olulised esemed turvaliselt \u2013 peidetud tagapaneeli turvatasku hoiab olulised esemed, n\u00e4iteks passi v\u00f5i rahakoti, peidus, kuid k\u00e4ep\u00e4rast.<\/li>\n<li>Kahesuunaline juurdep\u00e4\u00e4s p\u00f5hisahtlile \u2013 p\u00f5hisahtlile p\u00e4\u00e4seb ligi kotis madalamale v\u00f5i k\u00f5rgemale pakitud esemetele kiiremini, voltides v\u00f5i avades tagapaneeli.<\/li>\n<li>Kiire ligip\u00e4\u00e4suga k\u00fcljetaskud \u2013 K\u00fclgmine lukuga tasku pakub kiiret juurdep\u00e4\u00e4su olulistele esemetele<\/li>\n<li>Bluesign\u00ae sertifikaadiga toode \u2013 bluesign\u00ae on range rahvusvaheline kriteerium, mis tagab t\u00f6\u00f6tajate, tarbijate ja keskkonna kaitse.<\/li>\n<li>Kvaliteetne konstruktsioon \u2013 vastupidav konstruktsioon t\u00e4nu YKK t\u00f5mblukkudele ja 800D nailonile, millel on veekindel viimistlus ja mis ei sisalda PFC-sid ehk keskkonnale kahjulikke kemikaale.<\/li>\n<\/ul>\n<\/div>","protected":false},"excerpt":{"rendered":"<p>Thule Subterra 2 26L reisikott on reisimiseks h\u00e4davajalik, \u00fchendades endas moodsa ja elegantse disaini kohandatavate funktsioonidega, nagu eemaldatav pakkimiskuup ja laiendatav maht.<\/p>","protected":false},"featured_media":11518,"template":"","meta":[],"product_brand":[],"product_cat":[75,23,70,76,73],"product_tag":[117],"class_list":["post-7858","product","type-product","status-publish","has-post-thumbnail","product_cat-backpacks-bags","product_cat-luggage-bags","product_cat-suitcases-travel-bags","product_cat-travel-backpacks","product_cat-travel-bags","product_tag-checked-baggage-size-suitcases","first","instock","taxable","shipping-taxable","purchasable","product-type-simple"],"jetpack_sharing_enabled":true,"_links":{"self":[{"href":"https:\/\/trailo.ee\/et\/wp-json\/wp\/v2\/product\/7858","targetHints":{"allow":["GET"]}}],"collection":[{"href":"https:\/\/trailo.ee\/et\/wp-json\/wp\/v2\/product"}],"about":[{"href":"https:\/\/trailo.ee\/et\/wp-json\/wp\/v2\/types\/product"}],"wp:featuredmedia":[{"embeddable":true,"href":"https:\/\/trailo.ee\/et\/wp-json\/wp\/v2\/media\/11518"}],"wp:attachment":[{"href":"https:\/\/trailo.ee\/et\/wp-json\/wp\/v2\/media?parent=7858"}],"wp:term":[{"taxonomy":"product_brand","embeddable":true,"href":"https:\/\/trailo.ee\/et\/wp-json\/wp\/v2\/product_brand?post=7858"},{"taxonomy":"product_cat","embeddable":true,"href":"https:\/\/trailo.ee\/et\/wp-json\/wp\/v2\/product_cat?post=7858"},{"taxonomy":"product_tag","embeddable":true,"href":"https:\/\/trailo.ee\/et\/wp-json\/wp\/v2\/product_tag?post=7858"}],"curies":[{"name":"t\u00f6\u00f6leht","href":"https:\/\/api.w.org\/{rel}","templated":true}]}}

<h2 class="heading3">Elegantne, mitmekülgne ja loodud tänapäevasele reisijale</h2>
<div class="mb-6">
<h5 class="heading5 text-color--black mb-4">Mitmekülgne ja kohandatav disain</h5>
<p class="paragraph text-color--gray80">Koti maht suureneb 26 liitrilt 32 liitrini, mis sobib ideaalselt kõige vajaliku pakkimiseks kiireks linnareisiks või nädalavahetuse väljasõiduks. Eemaldatavat pakkimiskuubikut saab kasutada pakkimisruumi maksimeerimiseks või lühemate väljasõitude jaoks eemaldada.</p>
</div>
<div class="mb-6">
<h5 class="heading5 text-color--black mb-4">Ikooniline disain ja bluesign® sertifitseeritud materjalid</h5>
<p class="paragraph text-color--gray80">Ikooniline Thule Subterra kangas ja julgelt lihtne esteetika muudavad selle ideaalseks tänapäevasele reisijale. See kott on bluesign® sertifikaadiga, mis vastab rangetele tootmiskriteeriumidele, mis tagavad töötajate, tarbijate ja keskkonna kaitse.</p>
<ul>
<li>Polsterdatud sülearvuti- ja tahvelarvutitaskud – polsterdatud sülearvutitasku sobib 16-tollisele sülearvutile ja polsterdatud tahvelarvutitasku kaitseb 10,9-tollist tahvelarvutit.</li>
<li>Laiendatav päevakotist reisikotiks – 26-liitrisest päevakotist saab laiendada 32-liitriseks reisiseljakotiks, et pakkuda rohkem pakkimisruumi.</li>
<li>Korralda kõik oma olulised asjad – sisemine organiseerimispaneel hoiab pliiatsid, juhtmed, võtmed ja muud olulised asjad korrastatult ja turvaliselt</li>
<li>Eemaldatav pakkimiskuup maksimeerib ruumi – Eemaldatav pakkimiskuup aitab esemeid kokku suruda, et pakkimisruumi maksimeerida, ja selle saab eemaldada, kui seda pole vaja</li>
<li>Kinnitage ratastel pagasile – pagasi läbilaskerihm võimaldab teil koti ratastel pagasile kinnitada, et reisimine oleks vaevatu.</li>
<li>Suured külgmised veepudelitaskud – hoidke veepudelit või vihmavarju suures külgmises veepudelitaskus</li>
<li>Hoidke olulised esemed turvaliselt – peidetud tagapaneeli turvatasku hoiab olulised esemed, näiteks passi või rahakoti, peidus, kuid käepärast.</li>
<li>Kahesuunaline juurdepääs põhisahtlile – põhisahtlile pääseb ligi kotis madalamale või kõrgemale pakitud esemetele kiiremini, voltides või avades tagapaneeli.</li>
<li>Kiire ligipääsuga küljetaskud – Külgmine lukuga tasku pakub kiiret juurdepääsu olulistele esemetele</li>
<li>Bluesign® sertifikaadiga toode – bluesign® on range rahvusvaheline kriteerium, mis tagab töötajate, tarbijate ja keskkonna kaitse.</li>
<li>Kvaliteetne konstruktsioon – vastupidav konstruktsioon tänu YKK tõmblukkudele ja 800D nailonile, millel on veekindel viimistlus ja mis ei sisalda PFC-sid ehk keskkonnale kahjulikke kemikaale.</li>
</ul>
</div>

<p>Thule Subterra 2 26L reisikott on reisimiseks hädavajalik, ühendades endas moodsa ja elegantse disaini kohandatavate funktsioonidega, nagu eemaldatav pakkimiskuup ja laiendatav maht.</p>

tööleht
