{"id":7842,"date":"2026-02-17T05:09:02","date_gmt":"2026-02-17T05:09:02","guid":{"rendered":"https:\/\/trailo.ee\/product\/thule-subterra-2-powershuttle-dark-slate\/"},"modified":"2026-05-14T09:17:45","modified_gmt":"2026-05-14T09:17:45","slug":"thule-subterra-2-powershuttle-dark-slate","status":"publish","type":"product","link":"https:\/\/trailo.ee\/et\/toode\/thule-subterra-2-powershuttle-dark-slate\/","title":{"rendered":"Thule Subterra 2 Powershuttle, tume kiltkivi"},"content":{"rendered":"<ul>\n<li>Korraldage v\u00e4ikesed tarvikud \u2013 Korraldage kaablid, adapterid, k\u00f5rvaklapid ja v\u00e4ikesed isiklikud tarvikud mitmesugustes mitmek\u00fclgsetes taskutes ja elastsetes aasades<\/li>\n<li>Mugav ja turvaline koht oluliste asjade jaoks \u2013 hoidke oma passi v\u00f5i v\u00e4ikest m\u00e4rkmikku kergesti ligip\u00e4\u00e4setavas taskus v\u00f5i turvalises lukuga taskus<\/li>\n<li>Elastsed taskud hoiavad k\u00f5ik korras ja korras \u2013 Hoidke k\u00f5ik omal kohal elastsete taskutega, mis mahutavad v\u00e4iksemaid esemeid v\u00f5i laienevad suuremate esemete jaoks<\/li>\n<li>Vastupidavad materjalid \u2013 vastupidavate materjalide, polstri ja YKK t\u00f5mblukkudega loodud kestma ja oma asju kaitsma<\/li>\n<li>Ruumis\u00e4\u00e4stlik disain \u2013 voolujooneline kuju aitab teil oma olulistele asjadele ligi p\u00e4\u00e4seda, libistades selle h\u00f5lpsalt suuremasse kotti ja sealt v\u00e4lja isegi siis, kui see on t\u00e4is.<\/li>\n<li>Hoia v\u00f5tmeid k\u00e4ep\u00e4rast \u2013 hoia v\u00f5tmeid kindlalt, aga mitte eest \u00e4ra, v\u00f5tmehoidja k\u00fclge kinnitatud, mida saab kasutada nii lukuga tasku sees kui ka v\u00e4ljaspool.<\/li>\n<\/ul>","protected":false},"excerpt":{"rendered":"<p>Thule Subterra 2 Powershuttle pakub l\u00e4bim\u00f5eldud hoiuruumi laadijatele, juhtmetele, v\u00e4ikestele elektroonikaseadmetele, pastakatele ja muudele esemetele.<\/p>","protected":false},"featured_media":11436,"template":"","meta":[],"product_brand":[],"product_cat":[23,70,74],"product_tag":[132],"class_list":["post-7842","product","type-product","status-publish","has-post-thumbnail","product_cat-luggage-bags","product_cat-suitcases-travel-bags","product_cat-travel-organizers","product_tag-other","first","instock","taxable","shipping-taxable","purchasable","product-type-simple"],"jetpack_sharing_enabled":true,"_links":{"self":[{"href":"https:\/\/trailo.ee\/et\/wp-json\/wp\/v2\/product\/7842","targetHints":{"allow":["GET"]}}],"collection":[{"href":"https:\/\/trailo.ee\/et\/wp-json\/wp\/v2\/product"}],"about":[{"href":"https:\/\/trailo.ee\/et\/wp-json\/wp\/v2\/types\/product"}],"wp:featuredmedia":[{"embeddable":true,"href":"https:\/\/trailo.ee\/et\/wp-json\/wp\/v2\/media\/11436"}],"wp:attachment":[{"href":"https:\/\/trailo.ee\/et\/wp-json\/wp\/v2\/media?parent=7842"}],"wp:term":[{"taxonomy":"product_brand","embeddable":true,"href":"https:\/\/trailo.ee\/et\/wp-json\/wp\/v2\/product_brand?post=7842"},{"taxonomy":"product_cat","embeddable":true,"href":"https:\/\/trailo.ee\/et\/wp-json\/wp\/v2\/product_cat?post=7842"},{"taxonomy":"product_tag","embeddable":true,"href":"https:\/\/trailo.ee\/et\/wp-json\/wp\/v2\/product_tag?post=7842"}],"curies":[{"name":"t\u00f6\u00f6leht","href":"https:\/\/api.w.org\/{rel}","templated":true}]}}

<ul>
<li>Korraldage väikesed tarvikud – Korraldage kaablid, adapterid, kõrvaklapid ja väikesed isiklikud tarvikud mitmesugustes mitmekülgsetes taskutes ja elastsetes aasades</li>
<li>Mugav ja turvaline koht oluliste asjade jaoks – hoidke oma passi või väikest märkmikku kergesti ligipääsetavas taskus või turvalises lukuga taskus</li>
<li>Elastsed taskud hoiavad kõik korras ja korras – Hoidke kõik omal kohal elastsete taskutega, mis mahutavad väiksemaid esemeid või laienevad suuremate esemete jaoks</li>
<li>Vastupidavad materjalid – vastupidavate materjalide, polstri ja YKK tõmblukkudega loodud kestma ja oma asju kaitsma</li>
<li>Ruumisäästlik disain – voolujooneline kuju aitab teil oma olulistele asjadele ligi pääseda, libistades selle hõlpsalt suuremasse kotti ja sealt välja isegi siis, kui see on täis.</li>
<li>Hoia võtmeid käepärast – hoia võtmeid kindlalt, aga mitte eest ära, võtmehoidja külge kinnitatud, mida saab kasutada nii lukuga tasku sees kui ka väljaspool.</li>
</ul>

<p>Thule Subterra 2 Powershuttle pakub läbimõeldud hoiuruumi laadijatele, juhtmetele, väikestele elektroonikaseadmetele, pastakatele ja muudele esemetele.</p>

tööleht
