{"id":7829,"date":"2026-02-17T05:09:01","date_gmt":"2026-02-17T05:09:01","guid":{"rendered":"https:\/\/trailo.ee\/product\/subterra-2-bp-21l-black\/"},"modified":"2026-05-14T12:59:32","modified_gmt":"2026-05-14T12:59:32","slug":"subterra-2-bp-21l-black","status":"publish","type":"product","link":"https:\/\/trailo.ee\/et\/toode\/subterra-2-bp-21l-black\/","title":{"rendered":"Subterra 2 seljakott 21L, must"},"content":{"rendered":"<h2 class=\"heading3\">Elegantne, mitmek\u00fclgne ja loodud t\u00e4nap\u00e4evasele reisijale<\/h2>\n<div class=\"mb-6\">\n<h5 class=\"heading5 text-color--black mb-4\">Silmatorkav disain mugavate funktsioonidega<\/h5>\n<p class=\"paragraph text-color--gray80\">Oleme uuendatud silueti ja kahe uue silmatorkava v\u00e4rviga viinud ikoonilise kanga ja julgelt lihtsa esteetika uuele tasemele. Kuid see seljakott ei n\u00e4e lihtsalt hea v\u00e4lja. Sisemine organiseerimispaneel ja polsterdatud s\u00fclearvuti ja tahvelarvuti sahtlid tagavad teie tehnika ja muude oluliste asjade turvalisuse ja organiseerituse. Polsterdatud, ventileeritud \u00f5hkv\u00f5rgust seljapaneel muudab selle kandmise vaevatuks.<\/p>\n<\/div>\n<div class=\"mb-6\">\n<h5 class=\"heading5 text-color--black mb-4\">bluesign\u00ae sertifitseeritud kotid<\/h5>\n<p class=\"paragraph text-color--gray80\">See kott on bluesign\u00ae sertifikaadiga ja vastab rangetele tootmiskriteeriumidele, mis tagavad t\u00f6\u00f6tajate, tarbijate ja keskkonna kaitse.<\/p>\n<ul>\n<li>Polsterdatud s\u00fclearvuti- ja tahvelarvutitaskud \u2013 polsterdatud ja pehme voodriga s\u00fclearvutitasku sobib 16-tollisele arvutile ja 16-tollisele MacBookile ning polsterdatud tahvelarvutitasku kaitseb 10,9-tollist tahvelarvutit.<\/li>\n<li>\u00a0Korralda k\u00f5ik oma olulised asjad \u2013 sisemine organiseerimispaneel hoiab pliiatsid, juhtmed, v\u00f5tmed ja muud olulised asjad korrastatult ja turvaliselt<\/li>\n<li>Spetsiaalne toiteploki hoiustamine \u2013 Spetsiaalne hoiutasku teie toiteploki kaitsmiseks<\/li>\n<li>Hoidke \u00f5rnad esemed turvaliselt \u2013 polsterdatud ja pehme voodriga tasku kaitseb \u00f5rnu esemeid, n\u00e4iteks p\u00e4ikeseprille<\/li>\n<li>Hoidke olulised esemed turvaliselt \u2013 tagapaneeli turvatasku hoiab olulised esemed, n\u00e4iteks passi v\u00f5i rahakoti, peidus, kuid k\u00e4ep\u00e4rast.<\/li>\n<li>Kaks suurt k\u00fclgmist veepudelitaskut \u2013 suurtes k\u00fclgmistes veepudelitaskutes saab hoida veepudelit, vihmavarju v\u00f5i m\u00f5lemat.<\/li>\n<li>Varguskaitse \u2013 P\u00f5hiosa sisu kaitsmiseks sulgege kott ja kinnitage luku t\u00f5mblukud koti m\u00f5lemal k\u00fcljel luku allosas asuvate rihmaaasade alla.<\/li>\n<li>Mugav kaasas kanda \u2013 polsterdatud \u00f5hkv\u00f5rgust seljapaneel \u00f5huvooluga on ventileeritud ja mugav kanda, samas kui rinnarihm stabiliseerib koormust.<\/li>\n<li>Kinnitage ratastel pagasile \u2013 pagasi l\u00e4bilaskerihm v\u00f5imaldab teil koti ratastel pagasile kinnitada, et reisimine oleks vaevatu.<\/li>\n<li>Bluesign\u00ae sertifikaadiga toode \u2013 bluesign\u00ae on range rahvusvaheline kriteerium, mis tagab t\u00f6\u00f6tajate, tarbijate ja keskkonna kaitse.<\/li>\n<li>Kvaliteetne konstruktsioon \u2013 vastupidav konstruktsioon t\u00e4nu YKK t\u00f5mblukkudele ja 800D nailonile, millel on veekindel viimistlus ja mis ei sisalda PFC-sid ehk keskkonnale kahjulikke kemikaale.<\/li>\n<\/ul>\n<\/div>","protected":false},"excerpt":{"rendered":"<p>Thule Subterra 2 21L seljakott sobib ideaalselt t\u00e4nap\u00e4evasele reisijale, \u00fchendades endas julgelt lihtsa esteetika, kohandatavad omadused ja l\u00e4bim\u00f5eldud hoiustamise.<\/p>","protected":false},"featured_media":11566,"template":"","meta":[],"product_brand":[],"product_cat":[75,82,81,23,76],"product_tag":[116],"class_list":["post-7829","product","type-product","status-publish","has-post-thumbnail","product_cat-backpacks-bags","product_cat-backpacks-for-laptops","product_cat-laptop-bags","product_cat-luggage-bags","product_cat-travel-backpacks","product_tag-carry-on-size","first","instock","taxable","shipping-taxable","purchasable","product-type-simple"],"jetpack_sharing_enabled":true,"_links":{"self":[{"href":"https:\/\/trailo.ee\/et\/wp-json\/wp\/v2\/product\/7829","targetHints":{"allow":["GET"]}}],"collection":[{"href":"https:\/\/trailo.ee\/et\/wp-json\/wp\/v2\/product"}],"about":[{"href":"https:\/\/trailo.ee\/et\/wp-json\/wp\/v2\/types\/product"}],"wp:featuredmedia":[{"embeddable":true,"href":"https:\/\/trailo.ee\/et\/wp-json\/wp\/v2\/media\/11566"}],"wp:attachment":[{"href":"https:\/\/trailo.ee\/et\/wp-json\/wp\/v2\/media?parent=7829"}],"wp:term":[{"taxonomy":"product_brand","embeddable":true,"href":"https:\/\/trailo.ee\/et\/wp-json\/wp\/v2\/product_brand?post=7829"},{"taxonomy":"product_cat","embeddable":true,"href":"https:\/\/trailo.ee\/et\/wp-json\/wp\/v2\/product_cat?post=7829"},{"taxonomy":"product_tag","embeddable":true,"href":"https:\/\/trailo.ee\/et\/wp-json\/wp\/v2\/product_tag?post=7829"}],"curies":[{"name":"t\u00f6\u00f6leht","href":"https:\/\/api.w.org\/{rel}","templated":true}]}}

<h2 class="heading3">Elegantne, mitmekülgne ja loodud tänapäevasele reisijale</h2>
<div class="mb-6">
<h5 class="heading5 text-color--black mb-4">Silmatorkav disain mugavate funktsioonidega</h5>
<p class="paragraph text-color--gray80">Oleme uuendatud silueti ja kahe uue silmatorkava värviga viinud ikoonilise kanga ja julgelt lihtsa esteetika uuele tasemele. Kuid see seljakott ei näe lihtsalt hea välja. Sisemine organiseerimispaneel ja polsterdatud sülearvuti ja tahvelarvuti sahtlid tagavad teie tehnika ja muude oluliste asjade turvalisuse ja organiseerituse. Polsterdatud, ventileeritud õhkvõrgust seljapaneel muudab selle kandmise vaevatuks.</p>
</div>
<div class="mb-6">
<h5 class="heading5 text-color--black mb-4">bluesign® sertifitseeritud kotid</h5>
<p class="paragraph text-color--gray80">See kott on bluesign® sertifikaadiga ja vastab rangetele tootmiskriteeriumidele, mis tagavad töötajate, tarbijate ja keskkonna kaitse.</p>
<ul>
<li>Polsterdatud sülearvuti- ja tahvelarvutitaskud – polsterdatud ja pehme voodriga sülearvutitasku sobib 16-tollisele arvutile ja 16-tollisele MacBookile ning polsterdatud tahvelarvutitasku kaitseb 10,9-tollist tahvelarvutit.</li>
<li> Korralda kõik oma olulised asjad – sisemine organiseerimispaneel hoiab pliiatsid, juhtmed, võtmed ja muud olulised asjad korrastatult ja turvaliselt</li>
<li>Spetsiaalne toiteploki hoiustamine – Spetsiaalne hoiutasku teie toiteploki kaitsmiseks</li>
<li>Hoidke õrnad esemed turvaliselt – polsterdatud ja pehme voodriga tasku kaitseb õrnu esemeid, näiteks päikeseprille</li>
<li>Hoidke olulised esemed turvaliselt – tagapaneeli turvatasku hoiab olulised esemed, näiteks passi või rahakoti, peidus, kuid käepärast.</li>
<li>Kaks suurt külgmist veepudelitaskut – suurtes külgmistes veepudelitaskutes saab hoida veepudelit, vihmavarju või mõlemat.</li>
<li>Varguskaitse – Põhiosa sisu kaitsmiseks sulgege kott ja kinnitage luku tõmblukud koti mõlemal küljel luku allosas asuvate rihmaaasade alla.</li>
<li>Mugav kaasas kanda – polsterdatud õhkvõrgust seljapaneel õhuvooluga on ventileeritud ja mugav kanda, samas kui rinnarihm stabiliseerib koormust.</li>
<li>Kinnitage ratastel pagasile – pagasi läbilaskerihm võimaldab teil koti ratastel pagasile kinnitada, et reisimine oleks vaevatu.</li>
<li>Bluesign® sertifikaadiga toode – bluesign® on range rahvusvaheline kriteerium, mis tagab töötajate, tarbijate ja keskkonna kaitse.</li>
<li>Kvaliteetne konstruktsioon – vastupidav konstruktsioon tänu YKK tõmblukkudele ja 800D nailonile, millel on veekindel viimistlus ja mis ei sisalda PFC-sid ehk keskkonnale kahjulikke kemikaale.</li>
</ul>
</div>

<p>Thule Subterra 2 21L seljakott sobib ideaalselt tänapäevasele reisijale, ühendades endas julgelt lihtsa esteetika, kohandatavad omadused ja läbimõeldud hoiustamise.</p>

tööleht
