{"id":7798,"date":"2026-02-17T05:08:59","date_gmt":"2026-02-17T05:08:59","guid":{"rendered":"https:\/\/trailo.ee\/product\/chasm-duffel-40l-olivine\/"},"modified":"2026-05-14T08:50:17","modified_gmt":"2026-05-14T08:50:17","slug":"chasm-duffel-40l-olivine","status":"publish","type":"product","link":"https:\/\/trailo.ee\/et\/toode\/chasm-duffel-40l-olivine\/","title":{"rendered":"Chasm Duffel 40L \u2013 Oliviin"},"content":{"rendered":"<h2 class=\"heading3\">Vastupidav ja usaldusv\u00e4\u00e4rne reisikott<\/h2>\n<div class=\"mb-6\">\n<h5 class=\"heading5 text-color--black mb-4\">Lihtne pakkida ja minna<\/h5>\n<p class=\"paragraph text-color--gray80\">Need reisikotid saab muuta seljakotiks \u00f5larihmadega, mis k\u00e4ivad mittekasutamisel \u00e4ra. Lai ava muudab kogu varustuse pakkimise lihtsaks ja sisemised v\u00f5rktaskud aitavad teil asju organiseerituna hoida.<\/p>\n<\/div>\n<div class=\"mb-6\">\n<h5 class=\"heading5 text-color--black mb-4\">Vastupidav konstruktsioon, taaskasutatud materjalid<\/h5>\n<p class=\"paragraph text-color--gray80\">See vastupidavaks loodud seljakott on valmistatud vastupidavast 900D kangast PFC-vaba ja vetth\u00fclgava viimistlusega, et taluda seikluste kulumist ja kaitsta teie varustust ilmastikuolude eest. K\u00f5ik v\u00e4lis- ja sisekangad, rihmad ja v\u00f5rk on valmistatud 100% taaskasutatud materjalidest.<\/p>\n<\/div>\n<ul>\n<li>Valmistatud taaskasutatud kangastest \u2013 k\u00f5ik v\u00e4lis- ja sisekangad, rihmad ja v\u00f5rkkangas on valmistatud 100% taaskasutatud materjalidest<\/li>\n<li>Lihtne juurdep\u00e4\u00e4s varustusele \u2013 Lihtne juurdep\u00e4\u00e4s varustusele t\u00e4nu \u00fclisuurele ja laiale avale<\/li>\n<li>Teisendatav reisikotist seljakotiks \u2013 2-\u00fches disaini abil saab reisikotist h\u00f5lpsalt seljakotiks muuta (seljakoti rihmad on mittekasutamisel \u00e4ra peidetud)<\/li>\n<li>Ilmastikukindlad materjalid \u2013 Kaitske sisu ilmastiku eest vastupidava ja ilmastikukindla presenningukangaga<\/li>\n<li>Sisemine korraldus \u2013 Hoidke v\u00e4ikesed esemed korrastatuna ja h\u00f5lpsasti leitavatena sisemiste v\u00f5rktaskute abil<\/li>\n<li>Hoiab teie asjad paigal \u2013 v\u00e4liste surverihmade abil ei kuku asjad seljakotire\u017eiimis koti p\u00f5hja.<\/li>\n<li>Kandekott toimib ka sisemise hoiukohana \u2013 kaasasolev kandekott pakub mugavat hoiustamist ja seda saab kotis kasutada lisatarvikute kotti.<\/li>\n<li>Kaitseb teie asju \u2013 polsterdatud p\u00f5hi kaitseb teie asju maapinna eest<\/li>\n<li>Kiire juurdep\u00e4\u00e4s olulistele asjadele \u2013 Suures lukuga v\u00f5rktaskus on v\u00e4ikestele olulistele asjadele kiire juurdep\u00e4\u00e4s.<\/li>\n<li>Lihtne t\u00f5sta \u2013 T\u00e4nu suurtele k\u00e4epidemetele on seda lihtne pakiruumi v\u00f5i katuseboksi sisse ja v\u00e4lja t\u00f5sta<\/li>\n<li>Hoiab \u00e4ra varguse \u2013 Hoia vargust lukustatavate t\u00f5mblukkudega (lukud m\u00fc\u00fcakse eraldi)<\/li>\n<\/ul>","protected":false},"excerpt":{"rendered":"<p>Thule Chasm on vastupidav reisikott, mille saab pakiruumi v\u00f5i katuseboksi visata \u2013 ideaalne nii l\u00fchikesteks reisideks kui ka mitmep\u00e4evasteks seiklusteks.<\/p>","protected":false},"featured_media":11981,"template":"","meta":[],"product_brand":[],"product_cat":[75,23,70,76,73],"product_tag":[116],"class_list":["post-7798","product","type-product","status-publish","has-post-thumbnail","product_cat-backpacks-bags","product_cat-luggage-bags","product_cat-suitcases-travel-bags","product_cat-travel-backpacks","product_cat-travel-bags","product_tag-carry-on-size","first","instock","taxable","shipping-taxable","purchasable","product-type-simple"],"jetpack_sharing_enabled":true,"_links":{"self":[{"href":"https:\/\/trailo.ee\/et\/wp-json\/wp\/v2\/product\/7798","targetHints":{"allow":["GET"]}}],"collection":[{"href":"https:\/\/trailo.ee\/et\/wp-json\/wp\/v2\/product"}],"about":[{"href":"https:\/\/trailo.ee\/et\/wp-json\/wp\/v2\/types\/product"}],"wp:featuredmedia":[{"embeddable":true,"href":"https:\/\/trailo.ee\/et\/wp-json\/wp\/v2\/media\/11981"}],"wp:attachment":[{"href":"https:\/\/trailo.ee\/et\/wp-json\/wp\/v2\/media?parent=7798"}],"wp:term":[{"taxonomy":"product_brand","embeddable":true,"href":"https:\/\/trailo.ee\/et\/wp-json\/wp\/v2\/product_brand?post=7798"},{"taxonomy":"product_cat","embeddable":true,"href":"https:\/\/trailo.ee\/et\/wp-json\/wp\/v2\/product_cat?post=7798"},{"taxonomy":"product_tag","embeddable":true,"href":"https:\/\/trailo.ee\/et\/wp-json\/wp\/v2\/product_tag?post=7798"}],"curies":[{"name":"t\u00f6\u00f6leht","href":"https:\/\/api.w.org\/{rel}","templated":true}]}}

<h2 class="heading3">Vastupidav ja usaldusväärne reisikott</h2>
<div class="mb-6">
<h5 class="heading5 text-color--black mb-4">Lihtne pakkida ja minna</h5>
<p class="paragraph text-color--gray80">Need reisikotid saab muuta seljakotiks õlarihmadega, mis käivad mittekasutamisel ära. Lai ava muudab kogu varustuse pakkimise lihtsaks ja sisemised võrktaskud aitavad teil asju organiseerituna hoida.</p>
</div>
<div class="mb-6">
<h5 class="heading5 text-color--black mb-4">Vastupidav konstruktsioon, taaskasutatud materjalid</h5>
<p class="paragraph text-color--gray80">See vastupidavaks loodud seljakott on valmistatud vastupidavast 900D kangast PFC-vaba ja vetthülgava viimistlusega, et taluda seikluste kulumist ja kaitsta teie varustust ilmastikuolude eest. Kõik välis- ja sisekangad, rihmad ja võrk on valmistatud 100% taaskasutatud materjalidest.</p>
</div>
<ul>
<li>Valmistatud taaskasutatud kangastest – kõik välis- ja sisekangad, rihmad ja võrkkangas on valmistatud 100% taaskasutatud materjalidest</li>
<li>Lihtne juurdepääs varustusele – Lihtne juurdepääs varustusele tänu ülisuurele ja laiale avale</li>
<li>Teisendatav reisikotist seljakotiks – 2-ühes disaini abil saab reisikotist hõlpsalt seljakotiks muuta (seljakoti rihmad on mittekasutamisel ära peidetud)</li>
<li>Ilmastikukindlad materjalid – Kaitske sisu ilmastiku eest vastupidava ja ilmastikukindla presenningukangaga</li>
<li>Sisemine korraldus – Hoidke väikesed esemed korrastatuna ja hõlpsasti leitavatena sisemiste võrktaskute abil</li>
<li>Hoiab teie asjad paigal – väliste surverihmade abil ei kuku asjad seljakotirežiimis koti põhja.</li>
<li>Kandekott toimib ka sisemise hoiukohana – kaasasolev kandekott pakub mugavat hoiustamist ja seda saab kotis kasutada lisatarvikute kotti.</li>
<li>Kaitseb teie asju – polsterdatud põhi kaitseb teie asju maapinna eest</li>
<li>Kiire juurdepääs olulistele asjadele – Suures lukuga võrktaskus on väikestele olulistele asjadele kiire juurdepääs.</li>
<li>Lihtne tõsta – Tänu suurtele käepidemetele on seda lihtne pakiruumi või katuseboksi sisse ja välja tõsta</li>
<li>Hoiab ära varguse – Hoia vargust lukustatavate tõmblukkudega (lukud müüakse eraldi)</li>
</ul>

<p>Thule Chasm on vastupidav reisikott, mille saab pakiruumi või katuseboksi visata – ideaalne nii lühikesteks reisideks kui ka mitmepäevasteks seiklusteks.</p>

tööleht
