{"id":7794,"date":"2026-02-17T05:08:59","date_gmt":"2026-02-17T05:08:59","guid":{"rendered":"https:\/\/trailo.ee\/product\/thule-chasm-carry-on-wheeled-travel-bag-t\/"},"modified":"2026-04-14T04:51:25","modified_gmt":"2026-04-14T04:51:25","slug":"thule-chasm-carry-on-wheeled-travel-bag-t","status":"publish","type":"product","link":"https:\/\/trailo.ee\/et\/toode\/thule-chasm-carry-on-wheeled-travel-bag-t\/","title":{"rendered":"Chasm k\u00e4sipagasi ratastel reisikott (40L)"},"content":{"rendered":"<h2 class=\"heading3\">Ratastega reisikott, mis on loodud igaks seikluseks<\/h2>\n<div class=\"mb-6\">\n<h5 class=\"heading5 text-color--black mb-4\">L\u00e4bim\u00f5eldud sisemine panipaik<\/h5>\n<p class=\"paragraph text-color--gray80\">Suur sisemine v\u00f5rgust tasku eraldab puhtad esemed mustadest ning v\u00e4lised surverihmad aitavad koti suurust vastavalt pakkitavale kogusele reguleerida.<\/p>\n<\/div>\n<div class=\"mb-6\">\n<h5 class=\"heading5 text-color--black mb-4\">Vastupidav konstruktsioon, taaskasutatud materjalid<\/h5>\n<p class=\"paragraph text-color--gray80\">Valatud pol\u00fckarbonaadist tagapaneel on loodud toimima, neelab reisimise m\u00f5jusid ja \u00fclisuured tagarattad libisevad h\u00f5lpsalt ebatasasel maastikul. Vastupidav 900D kangas PFC-vaba vetth\u00fclgava viimistlusega peab vastu teie seikluste kulumisele ja kaitseb teie varustust elementide eest. K\u00f5ik v\u00e4lis- ja sisekangad, rihmad ja v\u00f5rk on valmistatud 100% taaskasutatud materjalidest.<\/p>\n<ul>\n<li>Valmistatud taaskasutatud kangastest \u2013 k\u00f5ik v\u00e4lis- ja sisekangad, rihmad ja v\u00f5rkkangas on valmistatud 100% taaskasutatud materjalidest<\/li>\n<li>Ilmastikukindlad materjalid \u2013 Kaitske sisu ilmastiku eest vastupidava ja ilmastikukindla presenningukangaga<\/li>\n<li>Veereb sujuvalt \u2013 Sujuv, stabiilne ja sirge t\u00f5mme t\u00e4nu vastupidavatele, \u00fclisuurtele ratastele ja V-kanaliga teleskoopk\u00e4epidemele<\/li>\n<li>K\u00e4sipagasi n\u00f5uete t\u00e4itmine \u2013 Pakkige pagas sisemise maksimaalse t\u00e4item\u00e4rgini (23 cm \/ 9 tolli) nii, et see vastaks k\u00e4sipagasi n\u00f5uetele.<\/li>\n<li>Maksimaalne pakkimisruum \u2013 Nautige t\u00e4iendavat 5 cm \/ 2 tolli pakkimisruumi, kui reisite ilma koti suuruse n\u00f5ueteta.<\/li>\n<li>Lihtne pakkida \u2013 Laia ava ja avara peasahtli abil on riided ja seiklusvarustus h\u00f5lpsasti pakitavad.<\/li>\n<li>Eraldage puhas mustast \u2013 Hoidke m\u00e4\u00e4rdunud riideid v\u00f5i jalan\u00f5usid eraldi suures sisemises v\u00f5rgust lukuga taskus<\/li>\n<li>Kiire juurdep\u00e4\u00e4s olulistele asjadele \u2013 lukuga v\u00f5rktasku abil saad kiiresti v\u00f5tmed, rahakoti ja v\u00e4iksemad esemed k\u00e4tte.<\/li>\n<li>Neelab reisil\u00f6\u00f6ke \u2013 Kott neelab reisil\u00f6\u00f6ke vormitud pol\u00fckarbonaadist tagapaneeliga<\/li>\n<li>Lihtne t\u00f5sta \u2013 \u00dclemiste ja k\u00fclgmiste k\u00e4epidemete abil saab h\u00f5lpsalt pagasiriiulitesse ja s\u00f5idukitest v\u00e4lja t\u00f5sta<\/li>\n<li>Reguleeritav pakkimissuurus \u2013 kohandage kotti v\u00e4liste surverihmade abil oma koorma suurusele vastavaks<\/li>\n<\/ul>\n<\/div>","protected":false},"excerpt":{"rendered":"<p>Thule Chasm ratastega reisikott on ilmastikukindel.<br \/>\nm\u00f5eldud l\u00fchikesteks reisideks ja n\u00e4dalavahetusteks.<\/p>","protected":false},"featured_media":11951,"template":"","meta":[],"product_brand":[],"product_cat":[71,23,70],"product_tag":[116],"class_list":["post-7794","product","type-product","status-publish","has-post-thumbnail","product_cat-carry-on-size-suitcases","product_cat-luggage-bags","product_cat-suitcases-travel-bags","product_tag-carry-on-size","first","instock","taxable","shipping-taxable","purchasable","product-type-simple"],"jetpack_sharing_enabled":true,"_links":{"self":[{"href":"https:\/\/trailo.ee\/et\/wp-json\/wp\/v2\/product\/7794","targetHints":{"allow":["GET"]}}],"collection":[{"href":"https:\/\/trailo.ee\/et\/wp-json\/wp\/v2\/product"}],"about":[{"href":"https:\/\/trailo.ee\/et\/wp-json\/wp\/v2\/types\/product"}],"wp:featuredmedia":[{"embeddable":true,"href":"https:\/\/trailo.ee\/et\/wp-json\/wp\/v2\/media\/11951"}],"wp:attachment":[{"href":"https:\/\/trailo.ee\/et\/wp-json\/wp\/v2\/media?parent=7794"}],"wp:term":[{"taxonomy":"product_brand","embeddable":true,"href":"https:\/\/trailo.ee\/et\/wp-json\/wp\/v2\/product_brand?post=7794"},{"taxonomy":"product_cat","embeddable":true,"href":"https:\/\/trailo.ee\/et\/wp-json\/wp\/v2\/product_cat?post=7794"},{"taxonomy":"product_tag","embeddable":true,"href":"https:\/\/trailo.ee\/et\/wp-json\/wp\/v2\/product_tag?post=7794"}],"curies":[{"name":"t\u00f6\u00f6leht","href":"https:\/\/api.w.org\/{rel}","templated":true}]}}

Chasm käsipagasi ratastel reisikott (40L)

<h2 class="heading3">Ratastega reisikott, mis on loodud igaks seikluseks</h2>
<div class="mb-6">
<h5 class="heading5 text-color--black mb-4">Läbimõeldud sisemine panipaik</h5>
<p class="paragraph text-color--gray80">Suur sisemine võrgust tasku eraldab puhtad esemed mustadest ning välised surverihmad aitavad koti suurust vastavalt pakkitavale kogusele reguleerida.</p>
</div>
<div class="mb-6">
<h5 class="heading5 text-color--black mb-4">Vastupidav konstruktsioon, taaskasutatud materjalid</h5>
<p class="paragraph text-color--gray80">Valatud polükarbonaadist tagapaneel on loodud toimima, neelab reisimise mõjusid ja ülisuured tagarattad libisevad hõlpsalt ebatasasel maastikul. Vastupidav 900D kangas PFC-vaba vetthülgava viimistlusega peab vastu teie seikluste kulumisele ja kaitseb teie varustust elementide eest. Kõik välis- ja sisekangad, rihmad ja võrk on valmistatud 100% taaskasutatud materjalidest.</p>
<ul>
<li>Valmistatud taaskasutatud kangastest – kõik välis- ja sisekangad, rihmad ja võrkkangas on valmistatud 100% taaskasutatud materjalidest</li>
<li>Ilmastikukindlad materjalid – Kaitske sisu ilmastiku eest vastupidava ja ilmastikukindla presenningukangaga</li>
<li>Veereb sujuvalt – Sujuv, stabiilne ja sirge tõmme tänu vastupidavatele, ülisuurtele ratastele ja V-kanaliga teleskoopkäepidemele</li>
<li>Käsipagasi nõuete täitmine – Pakkige pagas sisemise maksimaalse täitemärgini (23 cm / 9 tolli) nii, et see vastaks käsipagasi nõuetele.</li>
<li>Maksimaalne pakkimisruum – Nautige täiendavat 5 cm / 2 tolli pakkimisruumi, kui reisite ilma koti suuruse nõueteta.</li>
<li>Lihtne pakkida – Laia ava ja avara peasahtli abil on riided ja seiklusvarustus hõlpsasti pakitavad.</li>
<li>Eraldage puhas mustast – Hoidke määrdunud riideid või jalanõusid eraldi suures sisemises võrgust lukuga taskus</li>
<li>Kiire juurdepääs olulistele asjadele – lukuga võrktasku abil saad kiiresti võtmed, rahakoti ja väiksemad esemed kätte.</li>
<li>Neelab reisilööke – Kott neelab reisilööke vormitud polükarbonaadist tagapaneeliga</li>
<li>Lihtne tõsta – Ülemiste ja külgmiste käepidemete abil saab hõlpsalt pagasiriiulitesse ja sõidukitest välja tõsta</li>
<li>Reguleeritav pakkimissuurus – kohandage kotti väliste surverihmade abil oma koorma suurusele vastavaks</li>
</ul>
</div>

<p>Thule Chasm ratastega reisikott on ilmastikukindel.<br />
mõeldud lühikesteks reisideks ja nädalavahetusteks.</p>

tööleht
