{"id":7767,"date":"2026-02-17T04:08:04","date_gmt":"2026-02-17T04:08:04","guid":{"rendered":"https:\/\/trailo.ee\/product\/gauntlet-macbook-pro-attache-16-black\/"},"modified":"2026-04-14T04:02:40","modified_gmt":"2026-04-14T04:02:40","slug":"gauntlet-macbook-pro-attache-16-black","status":"publish","type":"product","link":"https:\/\/trailo.ee\/et\/toode\/gauntlet-macbook-pro-attache-16-black\/","title":{"rendered":"Gauntlet MacBook Pro s\u00fclearvutikott 16\u2033, must"},"content":{"rendered":"<div class=\"mb-6\">\n<p class=\"paragraph text-color--gray80\">J\u00e4ik v\u00e4lispind ja servakaitse kaitsevad teie seadet, samas kui karbikujuline disain v\u00f5imaldab teil otse \u00fcmbrisest v\u00e4lja v\u00f5ttes t\u00f6\u00f6tada.<\/p>\n<\/div>\n<div class=\"mb-6\">\n<p class=\"paragraph text-color--gray80\">Thule Gauntleti sisevoodri ja viimistlusmaterjalid on n\u00fc\u00fcd 100% taaskasutatud.<\/p>\n<\/div>\n<ul>\n<li>Kuni 16-tollistele s\u00fclearvutitele \u2013 sobib 16-tolline MacBook Pro, 15-tolline MacBook Air v\u00f5i s\u00fclearvutid m\u00f5\u00f5tudega kuni 35,8 x 24,6 cm \/ 14,1 x 9,7 tolli<\/li>\n<li>Tugev kaitse \u2013 j\u00e4ik v\u00e4lispind ja t\u00e4iustatud nurkade ja servade kaitse, mis on loodud teie seadme kaitsmiseks<\/li>\n<li>Karbikujuline disain \u2013 Karbikujuline disain v\u00f5imaldab teil t\u00f6\u00f6tada otse \u00fcmbrisest v\u00e4lja v\u00f5ttes<\/li>\n<li>Sisemised taskud \u2013 sisemised taskud tarvikute ja juhtmete hoidmiseks<\/li>\n<li>Mitmed kandmisv\u00f5imalused \u2013 eemaldatav \u00f5larihm ja \u00fclemised k\u00e4epidemed mitmete kandmisv\u00f5imaluste jaoks<\/li>\n<li>Taaskasutatud materjalid \u2013 100% taaskasutatud siseriided ja rihmad, osaliselt taaskasutatud v\u00e4lisriie ja vaht<\/li>\n<\/ul>","protected":false},"excerpt":{"rendered":"<p>The rigid exterior and edge protection safeguard your device, while the clamshell design allows you to work directly out of<\/p>","protected":false},"featured_media":12044,"template":"","meta":[],"product_brand":[],"product_cat":[81,83,23],"product_tag":[118],"class_list":["post-7767","product","type-product","status-publish","has-post-thumbnail","product_cat-laptop-bags","product_cat-laptop-bags-and-cases","product_cat-luggage-bags","product_tag-laptop-bags","first","instock","taxable","shipping-taxable","purchasable","product-type-simple"],"jetpack_sharing_enabled":true,"_links":{"self":[{"href":"https:\/\/trailo.ee\/et\/wp-json\/wp\/v2\/product\/7767","targetHints":{"allow":["GET"]}}],"collection":[{"href":"https:\/\/trailo.ee\/et\/wp-json\/wp\/v2\/product"}],"about":[{"href":"https:\/\/trailo.ee\/et\/wp-json\/wp\/v2\/types\/product"}],"wp:featuredmedia":[{"embeddable":true,"href":"https:\/\/trailo.ee\/et\/wp-json\/wp\/v2\/media\/12044"}],"wp:attachment":[{"href":"https:\/\/trailo.ee\/et\/wp-json\/wp\/v2\/media?parent=7767"}],"wp:term":[{"taxonomy":"product_brand","embeddable":true,"href":"https:\/\/trailo.ee\/et\/wp-json\/wp\/v2\/product_brand?post=7767"},{"taxonomy":"product_cat","embeddable":true,"href":"https:\/\/trailo.ee\/et\/wp-json\/wp\/v2\/product_cat?post=7767"},{"taxonomy":"product_tag","embeddable":true,"href":"https:\/\/trailo.ee\/et\/wp-json\/wp\/v2\/product_tag?post=7767"}],"curies":[{"name":"t\u00f6\u00f6leht","href":"https:\/\/api.w.org\/{rel}","templated":true}]}}

Gauntlet MacBook Pro sülearvutikott 16″, must

<div class="mb-6">
<p class="paragraph text-color--gray80">Jäik välispind ja servakaitse kaitsevad teie seadet, samas kui karbikujuline disain võimaldab teil otse ümbrisest välja võttes töötada.</p>
</div>
<div class="mb-6">
<p class="paragraph text-color--gray80">Thule Gauntleti sisevoodri ja viimistlusmaterjalid on nüüd 100% taaskasutatud.</p>
</div>
<ul>
<li>Kuni 16-tollistele sülearvutitele – sobib 16-tolline MacBook Pro, 15-tolline MacBook Air või sülearvutid mõõtudega kuni 35,8 x 24,6 cm / 14,1 x 9,7 tolli</li>
<li>Tugev kaitse – jäik välispind ja täiustatud nurkade ja servade kaitse, mis on loodud teie seadme kaitsmiseks</li>
<li>Karbikujuline disain – Karbikujuline disain võimaldab teil töötada otse ümbrisest välja võttes</li>
<li>Sisemised taskud – sisemised taskud tarvikute ja juhtmete hoidmiseks</li>
<li>Mitmed kandmisvõimalused – eemaldatav õlarihm ja ülemised käepidemed mitmete kandmisvõimaluste jaoks</li>
<li>Taaskasutatud materjalid – 100% taaskasutatud siseriided ja rihmad, osaliselt taaskasutatud välisriie ja vaht</li>
</ul>

tööleht
