{"id":7656,"date":"2026-02-16T16:48:31","date_gmt":"2026-02-16T16:48:31","guid":{"rendered":"https:\/\/trailo.ee\/product\/enroute-backpack-26l-pelican-vetiver\/"},"modified":"2026-05-14T12:38:31","modified_gmt":"2026-05-14T12:38:31","slug":"enroute-backpack-26l-pelican-vetiver","status":"publish","type":"product","link":"https:\/\/trailo.ee\/et\/toode\/enroute-backpack-26l-pelican-vetiver\/","title":{"rendered":"EnRoute 26L, Pelican\/Vetiver"},"content":{"rendered":"<ul>\n<li>K\u00f5rgemad spetsiaalsed taskud kaitsevad kuni 16-tollist s\u00fclearvutit ja kuni 10,5-tollist tahvelarvutit.\u201d<\/li>\n<li>Kaitsev tasku pakub kiiret juurdep\u00e4\u00e4su ja kaitseb telefoni, p\u00e4ikeseprille v\u00f5i muid v\u00e4\u00e4risesemeid<\/li>\n<li>Organiseerimispaneel v\u00f5imaldab teil hoida v\u00e4ikeseid tarvikuid, pastakaid ja v\u00f5tmeid h\u00f5lpsasti ligip\u00e4\u00e4setavana<\/li>\n<li>Avar teine sahtel mahutab vahetusriideid, aksessuaare v\u00f5i muid isiklikke esemeid ning sellel on lukuga TPU-tasku, mis on veekindel muu sisu kaitsmiseks ja l\u00e4bipaistmatu privaatsuse tagamiseks.<\/li>\n<li>Veniv tasku pakub kiiret ligip\u00e4\u00e4su ja hoiustamist varustusele liikvel olles<\/li>\n<li>V\u00f5rgust v\u00e4lisk\u00fcljetaskud venivad veepudeli, elektrilise tellise v\u00f5i vihmavarju hoidmiseks<\/li>\n<li>Lisavarustuse kinnitus \u2013 esipaneelil olevad kinnituspunktid v\u00f5imaldavad teil h\u00f5lpsalt lisavarustust kinnitada<\/li>\n<li>L\u00e4bilaskev paneel v\u00f5imaldab seljakoti ratastel pagasi k\u00fclge kinnitada, et reisimine oleks lihtsam.<\/li>\n<li>Rinnakurihm, polsterdatud seljapaneel \u00f5huvoolukanaliga ja k\u00fclgmised surverihmad koorma tasakaalustamiseks, muutes kandmise mugavamaks.<\/li>\n<li>Valmistatud bluesign\u00ae-sertifikaadiga 400D nailonist ja YKK lukkudega<\/li>\n<\/ul>","protected":false},"excerpt":{"rendered":"<p>Spacious backpack with storage solutions that are perfect for workweek or weekend.<\/p>\n<div class=\"d-flex feature-wrapper mb-lg-8\">\n<div class=\"mb-8 feature-text-content\"><span class=\"paragraph\" data-original=\"Elevated, dedicated pockets protects up to a 16 laptop and up to a 10.5&quot; tablet&quot;\" data-withplaceholders=\"\">K\u00f5rgemad spetsiaalsed taskud kaitsevad kuni 16-tollist s\u00fclearvutit ja kuni 10,5-tollist tahvelarvutit.\u201d<\/span><\/div>\n<\/div>\n<div class=\"d-flex feature-wrapper mb-lg-8\">\n<div class=\"image-container me-lg-8 has-image\"><picture><source srcset=\"https:\/\/www.thule.com\/-\/p\/lWHXpXysTYB2dHb0LJ8js_DJgwjJtSLN43ikae94EFM\/rs:fit\/f:avif\/cb:1.8\/q:80\/w:436\/plain\/approved\/std.lang.all\/22\/49\/1002249.jpg\" media=\"(min-width:992px)\" \/><source srcset=\"https:\/\/www.thule.com\/-\/p\/O-VnV9EnyiWP840xBvD5OHaGT3sPmiFW2BANZf4yEZA\/rs:fit\/f:avif\/cb:1.8\/q:80\/w:991\/plain\/approved\/std.lang.all\/22\/49\/1002249.jpg\" media=\"(min-width:768px) and (max-width:991px)\" \/><source srcset=\"https:\/\/www.thule.com\/-\/p\/Ke9Z54g0QCdoW8GZoMbY9DQ8C-l0ASBcQlUcd4f9PF0\/rs:fit\/f:avif\/cb:1.8\/q:80\/w:767\/plain\/approved\/std.lang.all\/22\/49\/1002249.jpg\" media=\"(min-width:600px) and (max-width:767px)\" \/><source srcset=\"https:\/\/www.thule.com\/-\/p\/BFIFUtaF7UFTASmg_q-5_gIwxX8t4USl5RtiMGz9ctg\/rs:fit\/f:avif\/cb:1.8\/q:80\/w:599\/plain\/approved\/std.lang.all\/22\/49\/1002249.jpg\" media=\"(min-width:480px) and (max-width:599px)\" \/><source srcset=\"https:\/\/www.thule.com\/-\/p\/kWZfkNYCe7rwKJw1FMnJYKWTJfyxmdKAGQR-i8ajZAI\/rs:fit\/f:avif\/cb:1.8\/q:80\/w:479\/plain\/approved\/std.lang.all\/22\/49\/1002249.jpg\" media=\"(max-width:479px)\" \/><\/picture><\/div>\n<\/div>","protected":false},"featured_media":11871,"template":"","meta":[],"product_brand":[],"product_cat":[82,81,23],"product_tag":[118],"class_list":["post-7656","product","type-product","status-publish","has-post-thumbnail","product_cat-backpacks-for-laptops","product_cat-laptop-bags","product_cat-luggage-bags","product_tag-laptop-bags","first","instock","taxable","shipping-taxable","purchasable","product-type-simple"],"jetpack_sharing_enabled":true,"_links":{"self":[{"href":"https:\/\/trailo.ee\/et\/wp-json\/wp\/v2\/product\/7656","targetHints":{"allow":["GET"]}}],"collection":[{"href":"https:\/\/trailo.ee\/et\/wp-json\/wp\/v2\/product"}],"about":[{"href":"https:\/\/trailo.ee\/et\/wp-json\/wp\/v2\/types\/product"}],"wp:featuredmedia":[{"embeddable":true,"href":"https:\/\/trailo.ee\/et\/wp-json\/wp\/v2\/media\/11871"}],"wp:attachment":[{"href":"https:\/\/trailo.ee\/et\/wp-json\/wp\/v2\/media?parent=7656"}],"wp:term":[{"taxonomy":"product_brand","embeddable":true,"href":"https:\/\/trailo.ee\/et\/wp-json\/wp\/v2\/product_brand?post=7656"},{"taxonomy":"product_cat","embeddable":true,"href":"https:\/\/trailo.ee\/et\/wp-json\/wp\/v2\/product_cat?post=7656"},{"taxonomy":"product_tag","embeddable":true,"href":"https:\/\/trailo.ee\/et\/wp-json\/wp\/v2\/product_tag?post=7656"}],"curies":[{"name":"t\u00f6\u00f6leht","href":"https:\/\/api.w.org\/{rel}","templated":true}]}}

<ul>
<li>Kõrgemad spetsiaalsed taskud kaitsevad kuni 16-tollist sülearvutit ja kuni 10,5-tollist tahvelarvutit.”</li>
<li>Kaitsev tasku pakub kiiret juurdepääsu ja kaitseb telefoni, päikeseprille või muid väärisesemeid</li>
<li>Organiseerimispaneel võimaldab teil hoida väikeseid tarvikuid, pastakaid ja võtmeid hõlpsasti ligipääsetavana</li>
<li>Avar teine sahtel mahutab vahetusriideid, aksessuaare või muid isiklikke esemeid ning sellel on lukuga TPU-tasku, mis on veekindel muu sisu kaitsmiseks ja läbipaistmatu privaatsuse tagamiseks.</li>
<li>Veniv tasku pakub kiiret ligipääsu ja hoiustamist varustusele liikvel olles</li>
<li>Võrgust välisküljetaskud venivad veepudeli, elektrilise tellise või vihmavarju hoidmiseks</li>
<li>Lisavarustuse kinnitus – esipaneelil olevad kinnituspunktid võimaldavad teil hõlpsalt lisavarustust kinnitada</li>
<li>Läbilaskev paneel võimaldab seljakoti ratastel pagasi külge kinnitada, et reisimine oleks lihtsam.</li>
<li>Rinnakurihm, polsterdatud seljapaneel õhuvoolukanaliga ja külgmised surverihmad koorma tasakaalustamiseks, muutes kandmise mugavamaks.</li>
<li>Valmistatud bluesign®-sertifikaadiga 400D nailonist ja YKK lukkudega</li>
</ul>

<p>Spacious backpack with storage solutions that are perfect for workweek or weekend.</p>
<div class="d-flex feature-wrapper mb-lg-8">
<div class="mb-8 feature-text-content"><span class="paragraph" data-original="Elevated, dedicated pockets protects up to a 16 laptop and up to a 10.5&quot; tablet&quot;" data-withplaceholders="">Kõrgemad spetsiaalsed taskud kaitsevad kuni 16-tollist sülearvutit ja kuni 10,5-tollist tahvelarvutit.”</span></div>
</div>
<div class="d-flex feature-wrapper mb-lg-8">
<div class="image-container me-lg-8 has-image"><picture><source srcset="https://www.thule.com/-/p/lWHXpXysTYB2dHb0LJ8js_DJgwjJtSLN43ikae94EFM/rs:fit/f:avif/cb:1.8/q:80/w:436/plain/approved/std.lang.all/22/49/1002249.jpg" media="(min-width:992px)" /><source srcset="https://www.thule.com/-/p/O-VnV9EnyiWP840xBvD5OHaGT3sPmiFW2BANZf4yEZA/rs:fit/f:avif/cb:1.8/q:80/w:991/plain/approved/std.lang.all/22/49/1002249.jpg" media="(min-width:768px) and (max-width:991px)" /><source srcset="https://www.thule.com/-/p/Ke9Z54g0QCdoW8GZoMbY9DQ8C-l0ASBcQlUcd4f9PF0/rs:fit/f:avif/cb:1.8/q:80/w:767/plain/approved/std.lang.all/22/49/1002249.jpg" media="(min-width:600px) and (max-width:767px)" /><source srcset="https://www.thule.com/-/p/BFIFUtaF7UFTASmg_q-5_gIwxX8t4USl5RtiMGz9ctg/rs:fit/f:avif/cb:1.8/q:80/w:599/plain/approved/std.lang.all/22/49/1002249.jpg" media="(min-width:480px) and (max-width:599px)" /><source srcset="https://www.thule.com/-/p/kWZfkNYCe7rwKJw1FMnJYKWTJfyxmdKAGQR-i8ajZAI/rs:fit/f:avif/cb:1.8/q:80/w:479/plain/approved/std.lang.all/22/49/1002249.jpg" media="(max-width:479px)" /></picture></div>
</div>

tööleht
