{"id":7175,"date":"2026-02-16T08:02:18","date_gmt":"2026-02-16T08:02:18","guid":{"rendered":"https:\/\/trailo.ee\/product\/subterra-macbook-attache-13\/"},"modified":"2026-04-07T09:07:55","modified_gmt":"2026-04-07T09:07:55","slug":"subterra-macbook-attache-13","status":"publish","type":"product","link":"https:\/\/trailo.ee\/et\/toode\/subterra-macbook-attache-13\/","title":{"rendered":"Subterra MacBook Attache 13\u2033"},"content":{"rendered":"<ul class=\"a-unordered-list a-vertical a-spacing-mini\">\n<li class=\"a-spacing-mini\"><span class=\"a-list-item\">Lihtsustage reisimist, kinnitades selle l\u00e4biva paneeli abil kindlalt ratastel pagasile<\/span><\/li>\n<li class=\"a-spacing-mini\"><span class=\"a-list-item\">Eestlaetava organiseerimispaneeli, taskute ja pliiatsiaasade abil on v\u00e4ikestele tarvikutele lihtne ligi p\u00e4\u00e4seda ja neid korraldada<\/span><\/li>\n<li class=\"a-spacing-mini\"><span class=\"a-list-item\">Mugav kandmine eemaldatava polsterdatud \u00f5larihmaga<\/span><\/li>\n<li class=\"a-spacing-mini\"><span class=\"a-list-item\">Vastupidavad ja veekindlad materjalid<\/span><\/li>\n<li class=\"a-spacing-mini\"><span class=\"a-list-item\">Kaitse oma 13-tollist MacBook Airi\/Pro\/Retina arvutit ja iPadi \u2013 k\u00f5ik-\u00fches lahendus<\/span><\/li>\n<\/ul>","protected":false},"excerpt":{"rendered":"<p><span class=\"a-list-item\">Kaitse oma 13-tollist MacBook Airi\/Pro\/Retina arvutit ja iPadi \u2013 k\u00f5ik-\u00fches lahendus<\/span><\/p>","protected":false},"featured_media":10880,"template":"","meta":[],"product_brand":[],"product_cat":[81,83,23],"product_tag":[118],"class_list":["post-7175","product","type-product","status-publish","has-post-thumbnail","product_cat-laptop-bags","product_cat-laptop-bags-and-cases","product_cat-luggage-bags","product_tag-laptop-bags","first","instock","taxable","shipping-taxable","purchasable","product-type-simple"],"jetpack_sharing_enabled":true,"_links":{"self":[{"href":"https:\/\/trailo.ee\/et\/wp-json\/wp\/v2\/product\/7175","targetHints":{"allow":["GET"]}}],"collection":[{"href":"https:\/\/trailo.ee\/et\/wp-json\/wp\/v2\/product"}],"about":[{"href":"https:\/\/trailo.ee\/et\/wp-json\/wp\/v2\/types\/product"}],"wp:featuredmedia":[{"embeddable":true,"href":"https:\/\/trailo.ee\/et\/wp-json\/wp\/v2\/media\/10880"}],"wp:attachment":[{"href":"https:\/\/trailo.ee\/et\/wp-json\/wp\/v2\/media?parent=7175"}],"wp:term":[{"taxonomy":"product_brand","embeddable":true,"href":"https:\/\/trailo.ee\/et\/wp-json\/wp\/v2\/product_brand?post=7175"},{"taxonomy":"product_cat","embeddable":true,"href":"https:\/\/trailo.ee\/et\/wp-json\/wp\/v2\/product_cat?post=7175"},{"taxonomy":"product_tag","embeddable":true,"href":"https:\/\/trailo.ee\/et\/wp-json\/wp\/v2\/product_tag?post=7175"}],"curies":[{"name":"t\u00f6\u00f6leht","href":"https:\/\/api.w.org\/{rel}","templated":true}]}}

<ul class="a-unordered-list a-vertical a-spacing-mini">
<li class="a-spacing-mini"><span class="a-list-item">Lihtsustage reisimist, kinnitades selle läbiva paneeli abil kindlalt ratastel pagasile</span></li>
<li class="a-spacing-mini"><span class="a-list-item">Eestlaetava organiseerimispaneeli, taskute ja pliiatsiaasade abil on väikestele tarvikutele lihtne ligi pääseda ja neid korraldada</span></li>
<li class="a-spacing-mini"><span class="a-list-item">Mugav kandmine eemaldatava polsterdatud õlarihmaga</span></li>
<li class="a-spacing-mini"><span class="a-list-item">Vastupidavad ja veekindlad materjalid</span></li>
<li class="a-spacing-mini"><span class="a-list-item">Kaitse oma 13-tollist MacBook Airi/Pro/Retina arvutit ja iPadi – kõik-ühes lahendus</span></li>
</ul>

<p><span class="a-list-item">Kaitse oma 13-tollist MacBook Airi/Pro/Retina arvutit ja iPadi – kõik-ühes lahendus</span></p>

tööleht
